Last updated on 2021-03-07 15:47:50 CET.
Flavor | Version | Tinstall | Tcheck | Ttotal | Status | Flags |
---|---|---|---|---|---|---|
r-devel-linux-x86_64-debian-clang | 0.0.3 | 22.52 | 204.74 | 227.26 | OK | |
r-devel-linux-x86_64-debian-gcc | 0.0.3 | 18.63 | 154.14 | 172.77 | OK | |
r-devel-linux-x86_64-fedora-clang | 0.0.3 | 274.53 | OK | |||
r-devel-linux-x86_64-fedora-gcc | 0.0.3 | 266.92 | OK | |||
r-devel-windows-ix86+x86_64 | 0.0.3 | 56.00 | 208.00 | 264.00 | OK | |
r-devel-windows-x86_64-gcc10-UCRT | 0.0.3 | ERROR | ||||
r-patched-linux-x86_64 | 0.0.3 | 21.41 | 191.48 | 212.89 | OK | |
r-patched-solaris-x86 | 0.0.3 | 401.00 | OK | |||
r-release-linux-x86_64 | 0.0.3 | 21.20 | 193.86 | 215.06 | OK | |
r-release-macos-x86_64 | 0.0.3 | OK | ||||
r-release-windows-ix86+x86_64 | 0.0.3 | 45.00 | 187.00 | 232.00 | OK | |
r-oldrel-macos-x86_64 | 0.0.3 | OK | ||||
r-oldrel-windows-ix86+x86_64 | 0.0.3 | 39.00 | 163.00 | 202.00 | OK |
Version: 0.0.3
Check: package dependencies
Result: ERROR
Package required but not available: 'rstanarm'
See section 'The DESCRIPTION file' in the 'Writing R Extensions'
manual.
Flavor: r-devel-windows-x86_64-gcc10-UCRT