CRAN Package Check Results for Package tidylog

Last updated on 2021-06-14 11:53:08 CEST.

Flavor Version Tinstall Tcheck Ttotal Status Flags
r-devel-linux-x86_64-debian-clang 1.0.2 4.97 69.54 74.51 NOTE
r-devel-linux-x86_64-debian-gcc 1.0.2 4.03 50.65 54.68 NOTE
r-devel-linux-x86_64-fedora-clang 1.0.2 94.45 NOTE
r-devel-linux-x86_64-fedora-gcc 1.0.2 85.30 NOTE
r-devel-windows-x86_64 1.0.2 10.00 87.00 97.00 NOTE
r-devel-windows-x86_64-gcc10-UCRT 1.0.2 NOTE
r-patched-linux-x86_64 1.0.2 5.12 64.35 69.47 NOTE
r-patched-solaris-x86 1.0.2 119.20 NOTE
r-release-linux-x86_64 1.0.2 5.03 63.67 68.70 NOTE
r-release-macos-arm64 1.0.2 NOTE
r-release-macos-x86_64 1.0.2 NOTE
r-release-windows-ix86+x86_64 1.0.2 12.00 87.00 99.00 NOTE
r-oldrel-macos-x86_64 1.0.2 OK
r-oldrel-windows-ix86+x86_64 1.0.2 14.00 94.00 108.00 OK

Check Details

Version: 1.0.2
Check: LazyData
Result: NOTE
     'LazyData' is specified without a 'data' directory
Flavors: r-devel-linux-x86_64-debian-clang, r-devel-linux-x86_64-debian-gcc, r-devel-linux-x86_64-fedora-clang, r-devel-linux-x86_64-fedora-gcc, r-devel-windows-x86_64, r-devel-windows-x86_64-gcc10-UCRT, r-patched-linux-x86_64, r-patched-solaris-x86, r-release-linux-x86_64, r-release-macos-arm64, r-release-macos-x86_64, r-release-windows-ix86+x86_64