CRAN Package Check Results for Package tidyhydat

Last updated on 2024-07-16 04:56:21 CEST.

Flavor Version Tinstall Tcheck Ttotal Status Flags
r-devel-linux-x86_64-debian-clang 0.6.1 10.36 129.89 140.25 OK
r-devel-linux-x86_64-debian-gcc 0.6.1 6.29 94.02 100.31 OK
r-devel-linux-x86_64-fedora-clang 0.6.1 170.14 NOTE
r-devel-linux-x86_64-fedora-gcc 0.6.1 169.35 NOTE
r-devel-windows-x86_64 0.6.1 8.00 125.00 133.00 OK
r-patched-linux-x86_64 0.6.1 10.75 122.74 133.49 OK
r-release-linux-x86_64 0.6.1 6.17 120.05 126.22 OK
r-release-macos-arm64 0.6.1 63.00 OK
r-release-macos-x86_64 0.6.1 93.00 OK
r-release-windows-x86_64 0.6.1 8.00 123.00 131.00 OK
r-oldrel-macos-arm64 0.6.1 79.00 OK
r-oldrel-macos-x86_64 0.6.1 129.00 OK
r-oldrel-windows-x86_64 0.6.1 11.00 149.00 160.00 OK

Check Details

Version: 0.6.1
Check: data for non-ASCII characters
Result: NOTE Note: found 60 marked UTF-8 strings Flavors: r-devel-linux-x86_64-fedora-clang, r-devel-linux-x86_64-fedora-gcc