Last updated on 2021-02-26 11:51:08 CET.
Flavor | Version | Tinstall | Tcheck | Ttotal | Status | Flags |
---|---|---|---|---|---|---|
r-devel-linux-x86_64-debian-clang | 0.9.9 | 6.01 | 107.33 | 113.34 | OK | |
r-devel-linux-x86_64-debian-gcc | 0.9.9 | 3.95 | 76.25 | 80.20 | OK | |
r-devel-linux-x86_64-fedora-clang | 0.9.9 | 136.06 | NOTE | |||
r-devel-linux-x86_64-fedora-gcc | 0.9.9 | 119.83 | OK | |||
r-devel-windows-ix86+x86_64 | 0.9.9 | 8.00 | 97.00 | 105.00 | OK | |
r-patched-linux-x86_64 | 0.9.9 | 5.47 | 95.09 | 100.56 | OK | |
r-patched-solaris-x86 | 0.9.9 | 151.80 | OK | |||
r-release-linux-x86_64 | 0.9.9 | 4.76 | 92.84 | 97.60 | OK | |
r-release-macos-x86_64 | 0.9.9 | OK | ||||
r-release-windows-ix86+x86_64 | 0.9.9 | 22.00 | 128.00 | 150.00 | OK | |
r-oldrel-macos-x86_64 | 0.9.9 | OK | ||||
r-oldrel-windows-ix86+x86_64 | 0.9.9 | 7.00 | 107.00 | 114.00 | OK |
Version: 0.9.9
Check: Rd cross-references
Result: NOTE
Undeclared packages ‘fastDummies’, ‘sjmisc’ in Rd xrefs
Flavor: r-devel-linux-x86_64-fedora-clang