CRAN Package Check Results for Package tidydann

Last updated on 2024-04-23 16:58:32 CEST.

Flavor Version Tinstall Tcheck Ttotal Status Flags
r-devel-linux-x86_64-debian-clang 1.0.0 6.14 234.10 240.24 OK
r-devel-linux-x86_64-debian-gcc 1.0.0 4.31 153.00 157.31 OK
r-devel-linux-x86_64-fedora-clang 1.0.0 299.81 NOTE
r-devel-linux-x86_64-fedora-gcc 1.0.0 295.06 OK
r-prerel-macos-arm64 1.0.0 57.00 OK
r-prerel-windows-x86_64 1.0.0 6.00 145.00 151.00 OK
r-patched-linux-x86_64 1.0.0 5.58 221.20 226.78 OK
r-release-linux-x86_64 1.0.0 3.30 240.78 244.08 OK
r-release-macos-arm64 1.0.0 77.00 OK
r-release-macos-x86_64 1.0.0 259.00 OK
r-release-windows-x86_64 1.0.0 7.00 194.00 201.00 OK
r-oldrel-macos-arm64 1.0.0 74.00 OK
r-oldrel-windows-x86_64 1.0.0 7.00 195.00 202.00 OK

Check Details

Version: 1.0.0
Check: Rd cross-references
Result: NOTE Undeclared package ‘fpc’ in Rd xrefs Flavor: r-devel-linux-x86_64-fedora-clang