CRAN Package Check Results for Package tibble

Last updated on 2021-05-13 15:48:15 CEST.

Flavor Version Tinstall Tcheck Ttotal Status Flags
r-devel-linux-x86_64-debian-clang 3.1.1 9.26 134.87 144.13 OK
r-devel-linux-x86_64-debian-gcc 3.1.1 5.91 100.54 106.45 OK
r-devel-linux-x86_64-fedora-clang 3.1.1 176.82 OK
r-devel-linux-x86_64-fedora-gcc 3.1.1 164.62 OK
r-devel-windows-ix86+x86_64 3.1.1 18.00 137.00 155.00 OK
r-devel-windows-x86_64-gcc10-UCRT 3.1.1 OK
r-patched-linux-x86_64 3.1.1 12.09 130.70 142.79 OK
r-patched-solaris-x86 3.1.1 216.30 OK
r-release-linux-x86_64 3.1.1 7.03 131.76 138.79 OK
r-release-macos-x86_64 3.1.1 OK
r-release-windows-ix86+x86_64 3.1.1 2.00 9.00 11.00 ERROR
r-oldrel-macos-x86_64 3.1.1 OK
r-oldrel-windows-ix86+x86_64 3.1.1 16.00 178.00 194.00 OK

Check Details

Version: 3.1.1
Check: whether package can be installed
Result: ERROR
    Installation failed.
Flavor: r-release-windows-ix86+x86_64