Last updated on 2023-02-06 11:56:22 CET.
Flavor | Version | Tinstall | Tcheck | Ttotal | Status | Flags |
---|---|---|---|---|---|---|
r-devel-linux-x86_64-debian-clang | 3.1.8 | 8.83 | 203.36 | 212.19 | OK | |
r-devel-linux-x86_64-debian-gcc | 3.1.8 | 7.88 | 145.88 | 153.76 | OK | |
r-devel-linux-x86_64-fedora-clang | 3.1.8 | 246.27 | OK | |||
r-devel-linux-x86_64-fedora-gcc | 3.1.8 | 256.86 | OK | |||
r-devel-windows-x86_64 | 3.1.8 | 103.00 | 205.00 | 308.00 | OK | |
r-patched-linux-x86_64 | 3.1.8 | 13.97 | 186.58 | 200.55 | OK | |
r-release-linux-x86_64 | 3.1.8 | 8.69 | 189.88 | 198.57 | OK | |
r-release-macos-arm64 | 3.1.8 | 59.00 | OK | |||
r-release-macos-x86_64 | 3.1.8 | 77.00 | OK | |||
r-release-windows-x86_64 | 3.1.8 | 99.00 | 208.00 | 307.00 | OK | |
r-oldrel-macos-arm64 | 3.1.8 | 56.00 | OK | |||
r-oldrel-macos-x86_64 | 3.1.8 | 82.00 | OK | |||
r-oldrel-windows-ix86+x86_64 | 3.1.8 | 22.00 | 273.00 | 295.00 | WARN |
Version: 3.1.8
Check: for unstated dependencies in ‘tests’
Result: WARN
Warning: unable to access index for repository https://bioconductor.org/packages/3.14/bioc/src/contrib:
cannot open URL 'https://bioconductor.org/packages/3.14/bioc/src/contrib/PACKAGES'
Warning: unable to access index for repository https://bioconductor.org/packages/3.14/data/annotation/src/contrib:
cannot open URL 'https://bioconductor.org/packages/3.14/data/annotation/src/contrib/PACKAGES'
Warning: unable to access index for repository https://bioconductor.org/packages/3.14/data/experiment/src/contrib:
cannot open URL 'https://bioconductor.org/packages/3.14/data/experiment/src/contrib/PACKAGES'
Flavor: r-oldrel-windows-ix86+x86_64