CRAN Package Check Results for Package threewords

Last updated on 2021-04-20 23:48:01 CEST.

Flavor Version Tinstall Tcheck Ttotal Status Flags
r-devel-linux-x86_64-debian-clang 0.1.0 1.84 20.77 22.61 NOTE
r-devel-linux-x86_64-debian-gcc 0.1.0 1.52 16.67 18.19 NOTE
r-devel-linux-x86_64-fedora-clang 0.1.0 38.31 NOTE
r-devel-linux-x86_64-fedora-gcc 0.1.0 27.86 NOTE
r-devel-windows-ix86+x86_64 0.1.0 4.00 31.00 35.00 NOTE
r-devel-windows-x86_64-gcc10-UCRT 0.1.0 NOTE
r-patched-linux-x86_64 0.1.0 1.81 20.42 22.23 OK
r-patched-solaris-x86 0.1.0 44.60 OK
r-release-linux-x86_64 0.1.0 1.89 20.49 22.38 OK
r-release-macos-x86_64 0.1.0 OK
r-release-windows-ix86+x86_64 0.1.0 6.00 38.00 44.00 OK
r-oldrel-macos-x86_64 0.1.0 OK
r-oldrel-windows-ix86+x86_64 0.1.0 12.00 34.00 46.00 OK

Check Details

Version: 0.1.0
Check: LazyData
Result: NOTE
     'LazyData' is specified without a 'data' directory
Flavors: r-devel-linux-x86_64-debian-clang, r-devel-linux-x86_64-debian-gcc, r-devel-linux-x86_64-fedora-clang, r-devel-linux-x86_64-fedora-gcc, r-devel-windows-ix86+x86_64, r-devel-windows-x86_64-gcc10-UCRT