CRAN Package Check Results for Package threeboost

Last updated on 2021-03-01 15:47:43 CET.

Flavor Version Tinstall Tcheck Ttotal Status Flags
r-devel-linux-x86_64-debian-clang 1.1 NOTE
r-devel-linux-x86_64-debian-gcc 1.1 1.82 25.92 27.74 NOTE
r-devel-linux-x86_64-fedora-clang 1.1 54.18 NOTE
r-devel-linux-x86_64-fedora-gcc 1.1 44.61 NOTE
r-devel-windows-ix86+x86_64 1.1 4.00 39.00 43.00 NOTE
r-patched-linux-x86_64 1.1 2.20 34.15 36.35 NOTE
r-patched-solaris-x86 1.1 61.20 NOTE
r-release-linux-x86_64 1.1 2.29 34.19 36.48 NOTE
r-release-macos-x86_64 1.1 NOTE
r-oldrel-macos-x86_64 1.1 NOTE
r-oldrel-windows-ix86+x86_64 1.1 3.00 48.00 51.00 NOTE

Check Details

Version: 1.1
Check: R code for possible problems
Result: NOTE
    coef_traceplot: no visible global function definition for 'rainbow'
    coef_traceplot: no visible global function definition for 'abline'
    coef_traceplot : <anonymous>: no visible global function definition for
     'lines'
    coef_traceplot: no visible global function definition for 'text'
    ee.GEE.aux : <anonymous>: no visible global function definition for
     'combn'
    Undefined global functions or variables:
     abline combn lines rainbow text
    Consider adding
     importFrom("grDevices", "rainbow")
     importFrom("graphics", "abline", "lines", "text")
     importFrom("utils", "combn")
    to your NAMESPACE file.
Flavors: r-devel-linux-x86_64-debian-clang, r-devel-linux-x86_64-debian-gcc, r-devel-linux-x86_64-fedora-clang, r-devel-linux-x86_64-fedora-gcc, r-devel-windows-ix86+x86_64, r-patched-linux-x86_64, r-patched-solaris-x86, r-release-linux-x86_64, r-release-macos-x86_64

Version: 1.1
Check: R code for possible problems
Result: NOTE
    coef_traceplot: no visible global function definition for ‘rainbow’
    coef_traceplot: no visible global function definition for ‘plot’
    coef_traceplot: no visible global function definition for ‘abline’
    coef_traceplot : <anonymous>: no visible global function definition for
     ‘lines’
    coef_traceplot: no visible global function definition for ‘text’
    ee.GEE.aux : <anonymous>: no visible global function definition for
     ‘combn’
    Undefined global functions or variables:
     abline combn lines plot rainbow text
    Consider adding
     importFrom("grDevices", "rainbow")
     importFrom("graphics", "abline", "lines", "plot", "text")
     importFrom("utils", "combn")
    to your NAMESPACE file.
Flavors: r-oldrel-macos-x86_64, r-oldrel-windows-ix86+x86_64