CRAN Package Check Results for Package theiaR

Last updated on 2021-06-13 11:49:22 CEST.

Flavor Version Tinstall Tcheck Ttotal Status Flags
r-devel-linux-x86_64-debian-clang 0.4.0 6.89 29.97 36.86 NOTE
r-devel-linux-x86_64-debian-gcc 0.4.0 4.64 23.82 28.46 NOTE
r-devel-linux-x86_64-fedora-clang 0.4.0 52.20 NOTE
r-devel-linux-x86_64-fedora-gcc 0.4.0 42.53 NOTE
r-devel-windows-x86_64 0.4.0 10.00 49.00 59.00 NOTE
r-devel-windows-x86_64-gcc10-UCRT 0.4.0 NOTE
r-patched-linux-x86_64 0.4.0 6.19 29.99 36.18 NOTE
r-patched-solaris-x86 0.4.0 62.80 NOTE
r-release-linux-x86_64 0.4.0 4.96 29.19 34.15 NOTE
r-release-macos-arm64 0.4.0 NOTE
r-release-macos-x86_64 0.4.0 NOTE
r-release-windows-ix86+x86_64 0.4.0 9.00 50.00 59.00 NOTE
r-oldrel-macos-x86_64 0.4.0 OK
r-oldrel-windows-ix86+x86_64 0.4.0 22.00 48.00 70.00 OK

Check Details

Version: 0.4.0
Check: LazyData
Result: NOTE
     'LazyData' is specified without a 'data' directory
Flavors: r-devel-linux-x86_64-debian-clang, r-devel-linux-x86_64-debian-gcc, r-devel-linux-x86_64-fedora-clang, r-devel-linux-x86_64-fedora-gcc, r-devel-windows-x86_64, r-devel-windows-x86_64-gcc10-UCRT, r-patched-linux-x86_64, r-patched-solaris-x86, r-release-linux-x86_64, r-release-macos-arm64, r-release-macos-x86_64, r-release-windows-ix86+x86_64

Version: 0.4.0
Check: package dependencies
Result: NOTE
    Package suggested but not available for checking: ‘gdalcubes’
Flavor: r-release-macos-arm64