CRAN Package Check Results for Package tfautograph

Last updated on 2021-04-14 23:47:30 CEST.

Flavor Version Tinstall Tcheck Ttotal Status Flags
r-devel-linux-x86_64-debian-clang 0.2.0 8.93 72.64 81.57 NOTE
r-devel-linux-x86_64-debian-gcc 0.2.0 7.94 56.50 64.44 NOTE
r-devel-linux-x86_64-fedora-clang 0.2.0 111.17 NOTE
r-devel-linux-x86_64-fedora-gcc 0.2.0 99.98 NOTE
r-devel-windows-ix86+x86_64 0.2.0 22.00 68.00 90.00 NOTE
r-devel-windows-x86_64-gcc10-UCRT 0.2.0 NOTE
r-patched-linux-x86_64 0.2.0 8.86 68.88 77.74 OK
r-patched-solaris-x86 0.2.0 148.80 OK
r-release-linux-x86_64 0.2.0 8.35 67.66 76.01 OK
r-release-macos-x86_64 0.2.0 OK
r-release-windows-ix86+x86_64 0.2.0 42.00 95.00 137.00 OK
r-oldrel-macos-x86_64 0.2.0 OK
r-oldrel-windows-ix86+x86_64 0.2.0 17.00 68.00 85.00 OK

Check Details

Version: 0.2.0
Check: LazyData
Result: NOTE
     'LazyData' is specified without a 'data' directory
Flavors: r-devel-linux-x86_64-debian-clang, r-devel-linux-x86_64-debian-gcc, r-devel-linux-x86_64-fedora-clang, r-devel-linux-x86_64-fedora-gcc, r-devel-windows-ix86+x86_64, r-devel-windows-x86_64-gcc10-UCRT