CRAN Package Check Results for Package textreg

Last updated on 2024-06-13 12:50:04 CEST.

Flavor Version Tinstall Tcheck Ttotal Status Flags
r-devel-linux-x86_64-debian-clang 0.1.5 27.06 78.68 105.74 NOTE
r-devel-linux-x86_64-debian-gcc 0.1.5 17.95 61.99 79.94 NOTE
r-devel-linux-x86_64-fedora-clang 0.1.5 132.61 NOTE
r-devel-linux-x86_64-fedora-gcc 0.1.5 149.28 NOTE
r-devel-windows-x86_64 0.1.5 22.00 136.00 158.00 NOTE
r-patched-linux-x86_64 0.1.5 20.67 76.41 97.08 NOTE
r-release-linux-x86_64 0.1.5 24.54 79.19 103.73 NOTE
r-release-macos-arm64 0.1.5 44.00 NOTE
r-release-macos-x86_64 0.1.5 83.00 NOTE
r-release-windows-x86_64 0.1.5 23.00 140.00 163.00 NOTE
r-oldrel-macos-arm64 0.1.5 46.00 OK
r-oldrel-macos-x86_64 0.1.5 74.00 OK
r-oldrel-windows-x86_64 0.1.5 27.00 136.00 163.00 OK

Check Details

Version: 0.1.5
Check: Rd files
Result: NOTE checkRd: (-1) make.phrase.matrix.Rd:20: Lost braces 20 | \\tabular{rrrrr}{ | ^ checkRd: (-1) make.phrase.matrix.Rd:20-23: Lost braces 20 | \\tabular{rrrrr}{ | ^ Flavors: r-devel-linux-x86_64-debian-clang, r-devel-linux-x86_64-debian-gcc, r-devel-linux-x86_64-fedora-clang, r-devel-linux-x86_64-fedora-gcc, r-devel-windows-x86_64, r-patched-linux-x86_64, r-release-linux-x86_64, r-release-macos-arm64, r-release-macos-x86_64, r-release-windows-x86_64

Version: 0.1.5
Check: package dependencies
Result: NOTE Package suggested but not available for checking: ‘testthat’ Flavor: r-devel-linux-x86_64-debian-gcc