Last updated on 2022-06-29 11:52:23 CEST.
Flavor | Version | Tinstall | Tcheck | Ttotal | Status | Flags |
---|---|---|---|---|---|---|
r-devel-linux-x86_64-debian-clang | 3.1.4 | 49.91 | 152.12 | 202.03 | OK | |
r-devel-linux-x86_64-debian-gcc | 3.1.4 | 42.89 | 120.88 | 163.77 | OK | |
r-devel-linux-x86_64-fedora-clang | 3.1.4 | 286.55 | NOTE | |||
r-devel-linux-x86_64-fedora-gcc | 3.1.4 | 320.82 | OK | |||
r-devel-windows-x86_64 | 3.1.4 | 267.00 | 187.00 | 454.00 | OK | |
r-patched-linux-x86_64 | 3.1.4 | 45.86 | 146.16 | 192.02 | OK | |
r-release-linux-x86_64 | 3.1.4 | 39.73 | 147.05 | 186.78 | OK | |
r-release-macos-arm64 | 3.1.4 | 105.00 | NOTE | |||
r-release-macos-x86_64 | 3.1.4 | 131.00 | NOTE | |||
r-release-windows-x86_64 | 3.1.4 | 261.00 | 185.00 | 446.00 | OK | |
r-oldrel-macos-arm64 | 3.1.4 | 112.00 | NOTE | |||
r-oldrel-macos-x86_64 | 3.1.4 | 136.00 | NOTE | |||
r-oldrel-windows-ix86+x86_64 | 3.1.4 | 100.00 | 230.00 | 330.00 | WARN |
Version: 3.1.4
Check: installed package size
Result: NOTE
installed size is 5.8Mb
sub-directories of 1Mb or more:
libs 3.4Mb
Flavors: r-devel-linux-x86_64-fedora-clang, r-release-macos-arm64, r-release-macos-x86_64, r-oldrel-macos-arm64, r-oldrel-macos-x86_64
Version: 3.1.4
Check: whether the package can be unloaded cleanly
Result: WARN
---- unloading
Flavor: r-oldrel-windows-ix86+x86_64