CRAN Package Check Results for Package testthat

Last updated on 2021-05-09 19:49:05 CEST.

Flavor Version Tinstall Tcheck Ttotal Status Flags
r-devel-linux-x86_64-debian-clang 3.0.2 45.29 158.10 203.39 OK
r-devel-linux-x86_64-debian-gcc 3.0.2 39.38 117.33 156.71 OK
r-devel-linux-x86_64-fedora-clang 3.0.2 264.39 NOTE
r-devel-linux-x86_64-fedora-gcc 3.0.2 308.11 OK
r-devel-windows-ix86+x86_64 3.0.2 94.00 189.00 283.00 OK
r-devel-windows-x86_64-gcc10-UCRT 3.0.2 OK
r-patched-linux-x86_64 3.0.2 47.59 150.72 198.31 OK
r-patched-solaris-x86 3.0.2 231.10 OK
r-release-linux-x86_64 3.0.2 43.88 153.60 197.48 OK
r-release-macos-x86_64 3.0.2 NOTE
r-release-windows-ix86+x86_64 3.0.2 68.00 135.00 203.00 OK
r-oldrel-macos-x86_64 3.0.2 NOTE
r-oldrel-windows-ix86+x86_64 3.0.2 89.00 171.00 260.00 OK

Check Details

Version: 3.0.2
Check: installed package size
Result: NOTE
     installed size is 6.5Mb
     sub-directories of 1Mb or more:
     libs 4.3Mb
Flavors: r-devel-linux-x86_64-fedora-clang, r-release-macos-x86_64, r-oldrel-macos-x86_64