CRAN Package Check Results for Package testthat

Last updated on 2022-12-02 23:50:41 CET.

Flavor Version Tinstall Tcheck Ttotal Status Flags
r-devel-linux-x86_64-debian-clang 3.1.5 48.82 181.15 229.97 OK
r-devel-linux-x86_64-debian-gcc 3.1.5 40.38 137.35 177.73 OK
r-devel-linux-x86_64-fedora-clang 3.1.5 300.71 OK
r-devel-linux-x86_64-fedora-gcc 3.1.5 339.58 OK
r-devel-windows-x86_64 3.1.5 274.00 221.00 495.00 OK
r-patched-linux-x86_64 3.1.5 45.55 161.39 206.94 OK
r-release-linux-x86_64 3.1.5 39.95 158.02 197.97 OK
r-release-macos-arm64 3.1.5 81.00 NOTE
r-release-macos-x86_64 3.1.5 126.00 NOTE
r-release-windows-x86_64 3.1.5 220.00 211.00 431.00 OK
r-oldrel-macos-arm64 3.1.5 103.00 NOTE
r-oldrel-macos-x86_64 3.1.5 134.00 NOTE
r-oldrel-windows-ix86+x86_64 3.1.5 101.00 246.00 347.00 OK

Check Details

Version: 3.1.5
Check: installed package size
Result: NOTE
     installed size is 7.6Mb
     sub-directories of 1Mb or more:
     R 1.0Mb
     libs 5.3Mb
Flavors: r-release-macos-arm64, r-release-macos-x86_64, r-oldrel-macos-arm64, r-oldrel-macos-x86_64