CRAN Package Check Results for Package tesseract

Last updated on 2021-06-14 11:53:08 CEST.

Flavor Version Tinstall Tcheck Ttotal Status Flags
r-devel-linux-x86_64-debian-clang 4.1.1 24.34 110.74 135.08 OK
r-devel-linux-x86_64-debian-gcc 4.1.1 14.29 113.65 127.94 OK
r-devel-linux-x86_64-fedora-clang 4.1.1 134.84 OK
r-devel-linux-x86_64-fedora-gcc 4.1.1 145.97 OK
r-devel-windows-x86_64 4.1.1 49.00 112.00 161.00 NOTE
r-devel-windows-x86_64-gcc10-UCRT 4.1.1 OK
r-patched-linux-x86_64 4.1.1 17.57 100.61 118.18 OK
r-release-linux-x86_64 4.1.1 19.94 89.76 109.70 OK
r-release-macos-arm64 4.1.1 NOTE
r-release-macos-x86_64 4.1.1 NOTE
r-release-windows-ix86+x86_64 4.1.1 76.00 143.00 219.00 NOTE
r-oldrel-macos-x86_64 4.1.1 NOTE
r-oldrel-windows-ix86+x86_64 4.1.1 64.00 147.00 211.00 NOTE

Additional issues

valgrind

Check Details

Version: 4.1.1
Check: installed package size
Result: NOTE
     installed size is 22.4Mb
     sub-directories of 1Mb or more:
     doc 1.2Mb
     libs 7.0Mb
     tessdata 14.0Mb
Flavors: r-devel-windows-x86_64, r-release-macos-arm64, r-release-macos-x86_64, r-release-windows-ix86+x86_64, r-oldrel-macos-x86_64, r-oldrel-windows-ix86+x86_64