CRAN Package Check Results for Package terrainmeshr

Last updated on 2021-06-20 03:48:42 CEST.

Flavor Version Tinstall Tcheck Ttotal Status Flags
r-devel-linux-x86_64-debian-clang 0.1.0 36.48 26.97 63.45 NOTE
r-devel-linux-x86_64-debian-gcc 0.1.0 21.49 21.04 42.53 NOTE
r-devel-linux-x86_64-fedora-clang 0.1.0 92.38 NOTE
r-devel-linux-x86_64-fedora-gcc 0.1.0 74.96 NOTE
r-devel-windows-x86_64 0.1.0 42.00 50.00 92.00 NOTE
r-devel-windows-x86_64-gcc10-UCRT 0.1.0 NOTE
r-patched-linux-x86_64 0.1.0 24.95 26.37 51.32 NOTE
r-patched-solaris-x86 0.1.0 82.30 NOTE
r-release-linux-x86_64 0.1.0 25.61 26.40 52.01 NOTE
r-release-macos-arm64 0.1.0 NOTE
r-release-macos-x86_64 0.1.0 NOTE
r-release-windows-ix86+x86_64 0.1.0 81.00 56.00 137.00 NOTE
r-oldrel-macos-x86_64 0.1.0 OK
r-oldrel-windows-ix86+x86_64 0.1.0 67.00 68.00 135.00 OK

Check Details

Version: 0.1.0
Check: LazyData
Result: NOTE
     'LazyData' is specified without a 'data' directory
Flavors: r-devel-linux-x86_64-debian-clang, r-devel-linux-x86_64-debian-gcc, r-devel-linux-x86_64-fedora-clang, r-devel-linux-x86_64-fedora-gcc, r-devel-windows-x86_64, r-devel-windows-x86_64-gcc10-UCRT, r-patched-linux-x86_64, r-patched-solaris-x86, r-release-linux-x86_64, r-release-macos-arm64, r-release-macos-x86_64, r-release-windows-ix86+x86_64