CRAN Package Check Results for Package terra

Last updated on 2021-04-13 07:48:00 CEST.

Flavor Version Tinstall Tcheck Ttotal Status Flags
r-devel-linux-x86_64-debian-clang 1.1-4 530.62 274.93 805.55 OK
r-devel-linux-x86_64-debian-gcc 1.1-4 416.11 205.40 621.51 OK
r-devel-linux-x86_64-fedora-clang 1.1-4 1099.82 NOTE
r-devel-linux-x86_64-fedora-gcc 1.1-4 1089.30 OK
r-devel-windows-ix86+x86_64 1.1-4 1213.00 832.00 2045.00 NOTE
r-devel-windows-x86_64-gcc10-UCRT 1.1-4 OK
r-patched-linux-x86_64 1.1-4 491.22 263.41 754.63 OK
r-patched-solaris-x86 1.1-4 938.70 NOTE
r-release-linux-x86_64 1.1-4 499.02 264.54 763.56 OK
r-release-macos-x86_64 1.1-4 NOTE
r-release-windows-ix86+x86_64 1.1-4 902.00 864.00 1766.00 NOTE
r-oldrel-macos-x86_64 1.1-4 NOTE
r-oldrel-windows-ix86+x86_64 1.1-4 1095.00 602.00 1697.00 ERROR

Additional issues

clang-UBSAN gcc-UBSAN

Check Details

Version: 1.1-4
Check: installed package size
Result: NOTE
     installed size is 45.4Mb
     sub-directories of 1Mb or more:
     R 2.7Mb
     libs 42.0Mb
Flavors: r-devel-linux-x86_64-fedora-clang, r-devel-windows-ix86+x86_64, r-patched-solaris-x86, r-release-macos-x86_64, r-release-windows-ix86+x86_64, r-oldrel-macos-x86_64, r-oldrel-windows-ix86+x86_64

Version: 1.1-4
Check: running examples for arch ‘i386’
Result: ERROR
    Running examples in 'terra-Ex.R' failed
    The error most likely occurred in:
    
    > ### Name: crs
    > ### Title: Get or set a coordinate reference system
    > ### Aliases: crs crs<- crs,SpatRaster-method crs<-,SpatRaster-method
    > ### crs<-,SpatRaster,ANY-method crs,SpatVector-method
    > ### crs<-,SpatVector-method crs<-,SpatVector,ANY-method
    > ### Keywords: spatial
    >
    > ### ** Examples
    >
    > r <- rast()
    > crs(r)
    [1] "GEOGCRS[\"WGS 84\",\n DATUM[\"World Geodetic System 1984\",\n ELLIPSOID[\"WGS 84\",6378137,298.257223563,\n LENGTHUNIT[\"metre\",1]]],\n PRIMEM[\"Greenwich\",0,\n ANGLEUNIT[\"degree\",0.0174532925199433]],\n CS[ellipsoidal,2],\n AXIS[\"geodetic latitude (Lat)\",north,\n ORDER[1],\n ANGLEUNIT[\"degree\",0.0174532925199433]],\n AXIS[\"geodetic longitude (Lon)\",east,\n ORDER[2],\n ANGLEUNIT[\"degree\",0.0174532925199433]],\n USAGE[\n SCOPE[\"Horizontal component of 3D system.\"],\n AREA[\"World.\"],\n BBOX[-90,-180,90,180]],\n ID[\"EPSG\",4326]]"
    > crs(r, describe=TRUE, proj4=TRUE)
    Error in strsplit(d$extent, ",") : non-character argument
    Calls: crs ... crs -> .local -> .srs_describe -> unlist -> strsplit
    Execution halted
Flavor: r-oldrel-windows-ix86+x86_64

Version: 1.1-4
Check: running examples for arch ‘x64’
Result: ERROR
    Running examples in 'terra-Ex.R' failed
    The error most likely occurred in:
    
    > ### Name: crs
    > ### Title: Get or set a coordinate reference system
    > ### Aliases: crs crs<- crs,SpatRaster-method crs<-,SpatRaster-method
    > ### crs<-,SpatRaster,ANY-method crs,SpatVector-method
    > ### crs<-,SpatVector-method crs<-,SpatVector,ANY-method
    > ### Keywords: spatial
    >
    > ### ** Examples
    >
    > r <- rast()
    > crs(r)
    [1] "GEOGCRS[\"WGS 84\",\n DATUM[\"World Geodetic System 1984\",\n ELLIPSOID[\"WGS 84\",6378137,298.257223563,\n LENGTHUNIT[\"metre\",1]]],\n PRIMEM[\"Greenwich\",0,\n ANGLEUNIT[\"degree\",0.0174532925199433]],\n CS[ellipsoidal,2],\n AXIS[\"geodetic latitude (Lat)\",north,\n ORDER[1],\n ANGLEUNIT[\"degree\",0.0174532925199433]],\n AXIS[\"geodetic longitude (Lon)\",east,\n ORDER[2],\n ANGLEUNIT[\"degree\",0.0174532925199433]],\n USAGE[\n SCOPE[\"Horizontal component of 3D system.\"],\n AREA[\"World.\"],\n BBOX[-90,-180,90,180]],\n ID[\"EPSG\",4326]]"
    > crs(r, describe=TRUE, proj4=TRUE)
    Error in strsplit(d$extent, ",") : non-character argument
    Calls: crs ... crs -> .local -> .srs_describe -> unlist -> strsplit
    Execution halted
Flavor: r-oldrel-windows-ix86+x86_64