CRAN Package Check Results for Package tensorflow

Last updated on 2021-04-14 19:47:24 CEST.

Flavor Version Tinstall Tcheck Ttotal Status Flags
r-devel-linux-x86_64-debian-clang 2.4.0 8.69 73.53 82.22 NOTE
r-devel-linux-x86_64-debian-gcc 2.4.0 7.18 57.55 64.73 NOTE
r-devel-linux-x86_64-fedora-clang 2.4.0 111.46 NOTE
r-devel-linux-x86_64-fedora-gcc 2.4.0 101.28 NOTE
r-devel-windows-ix86+x86_64 2.4.0 21.00 81.00 102.00 NOTE
r-devel-windows-x86_64-gcc10-UCRT 2.4.0 NOTE
r-patched-linux-x86_64 2.4.0 9.00 68.79 77.79 OK
r-patched-solaris-x86 2.4.0 148.30 OK
r-release-linux-x86_64 2.4.0 8.67 68.15 76.82 OK
r-release-macos-x86_64 2.4.0 OK
r-release-windows-ix86+x86_64 2.4.0 27.00 112.00 139.00 OK
r-oldrel-macos-x86_64 2.4.0 OK
r-oldrel-windows-ix86+x86_64 2.4.0 17.00 61.00 78.00 OK

Check Details

Version: 2.4.0
Check: LazyData
Result: NOTE
     'LazyData' is specified without a 'data' directory
Flavors: r-devel-linux-x86_64-debian-clang, r-devel-linux-x86_64-debian-gcc, r-devel-linux-x86_64-fedora-clang, r-devel-linux-x86_64-fedora-gcc, r-devel-windows-ix86+x86_64, r-devel-windows-x86_64-gcc10-UCRT