Last updated on 2022-06-25 19:49:44 CEST.
Flavor | Version | Tinstall | Tcheck | Ttotal | Status | Flags |
---|---|---|---|---|---|---|
r-devel-linux-x86_64-debian-clang | 2.9.0 | 8.63 | 80.09 | 88.72 | OK | |
r-devel-linux-x86_64-debian-gcc | 2.9.0 | 8.84 | 60.61 | 69.45 | OK | |
r-devel-linux-x86_64-fedora-clang | 2.9.0 | 123.50 | NOTE | |||
r-devel-linux-x86_64-fedora-gcc | 2.9.0 | 117.28 | OK | |||
r-devel-windows-x86_64 | 2.9.0 | 67.00 | 107.00 | 174.00 | OK | |
r-patched-linux-x86_64 | 2.9.0 | 12.55 | 77.80 | 90.35 | OK | |
r-release-linux-x86_64 | 2.9.0 | 8.80 | 78.25 | 87.05 | OK | |
r-release-macos-arm64 | 2.9.0 | 40.00 | OK | |||
r-release-macos-x86_64 | 2.9.0 | 46.00 | OK | |||
r-release-windows-x86_64 | 2.9.0 | 68.00 | 100.00 | 168.00 | OK | |
r-oldrel-macos-arm64 | 2.9.0 | 42.00 | OK | |||
r-oldrel-macos-x86_64 | 2.9.0 | 44.00 | OK | |||
r-oldrel-windows-ix86+x86_64 | 2.9.0 | 22.00 | 97.00 | 119.00 | OK |
Version: 2.9.0
Check: Rd cross-references
Result: NOTE
Undeclared package ‘tfestimators’ in Rd xrefs
Flavor: r-devel-linux-x86_64-fedora-clang