Last updated on 2023-02-06 15:57:30 CET.
Flavor | Version | Tinstall | Tcheck | Ttotal | Status | Flags |
---|---|---|---|---|---|---|
r-devel-linux-x86_64-debian-clang | 2.11.0 | 10.91 | 85.00 | 95.91 | OK | |
r-devel-linux-x86_64-debian-gcc | 2.11.0 | 7.44 | 62.95 | 70.39 | OK | |
r-devel-linux-x86_64-fedora-clang | 2.11.0 | 116.76 | NOTE | |||
r-devel-linux-x86_64-fedora-gcc | 2.11.0 | 117.43 | OK | |||
r-devel-windows-x86_64 | 2.11.0 | 55.00 | 115.00 | 170.00 | OK | |
r-patched-linux-x86_64 | 2.11.0 | 12.66 | 80.81 | 93.47 | OK | |
r-release-linux-x86_64 | 2.11.0 | 10.29 | 83.59 | 93.88 | OK | |
r-release-macos-arm64 | 2.11.0 | 36.00 | OK | |||
r-release-macos-x86_64 | 2.11.0 | 50.00 | OK | |||
r-release-windows-x86_64 | 2.11.0 | 67.00 | 115.00 | 182.00 | OK | |
r-oldrel-macos-arm64 | 2.11.0 | 36.00 | OK | |||
r-oldrel-macos-x86_64 | 2.11.0 | 50.00 | OK | |||
r-oldrel-windows-ix86+x86_64 | 2.11.0 | 22.00 | 105.00 | 127.00 | OK |
Version: 2.11.0
Check: Rd cross-references
Result: NOTE
Undeclared package ‘tfestimators’ in Rd xrefs
Flavor: r-devel-linux-x86_64-fedora-clang