CRAN Package Check Results for Package telegram

Last updated on 2021-06-20 19:50:46 CEST.

Flavor Version Tinstall Tcheck Ttotal Status Flags
r-devel-linux-x86_64-debian-clang 0.6.0 3.93 26.20 30.13 NOTE
r-devel-linux-x86_64-debian-gcc 0.6.0 2.92 20.42 23.34 NOTE
r-devel-linux-x86_64-fedora-clang 0.6.0 44.72 NOTE
r-devel-linux-x86_64-fedora-gcc 0.6.0 34.84 NOTE
r-devel-windows-x86_64 0.6.0 6.00 33.00 39.00 NOTE
r-devel-windows-x86_64-gcc10-UCRT 0.6.0 ERROR
r-patched-linux-x86_64 0.6.0 7.16 24.82 31.98 NOTE
r-patched-solaris-x86 0.6.0 54.50 NOTE
r-release-linux-x86_64 0.6.0 3.21 24.81 28.02 NOTE
r-release-macos-arm64 0.6.0 NOTE
r-release-macos-x86_64 0.6.0 NOTE
r-release-windows-ix86+x86_64 0.6.0 6.00 35.00 41.00 NOTE
r-oldrel-macos-x86_64 0.6.0 OK
r-oldrel-windows-ix86+x86_64 0.6.0 6.00 0.00 6.00 OK

Check Details

Version: 0.6.0
Check: LazyData
Result: NOTE
     'LazyData' is specified without a 'data' directory
Flavors: r-devel-linux-x86_64-debian-clang, r-devel-linux-x86_64-debian-gcc, r-devel-linux-x86_64-fedora-clang, r-devel-linux-x86_64-fedora-gcc, r-devel-windows-x86_64, r-patched-linux-x86_64, r-patched-solaris-x86, r-release-linux-x86_64, r-release-macos-arm64, r-release-macos-x86_64, r-release-windows-ix86+x86_64

Version: 0.6.0
Check: package dependencies
Result: ERROR
    Packages required but not available: 'httr', 'curl'
    
    See section 'The DESCRIPTION file' in the 'Writing R Extensions'
    manual.
Flavor: r-devel-windows-x86_64-gcc10-UCRT