CRAN Package Check Results for Package telegram.bot

Last updated on 2021-12-09 11:51:46 CET.

Flavor Version Tinstall Tcheck Ttotal Status Flags
r-devel-linux-x86_64-debian-clang 2.4.0 13.81 46.33 60.14 NOTE
r-devel-linux-x86_64-debian-gcc 2.4.0 10.30 36.79 47.09 NOTE
r-devel-linux-x86_64-fedora-clang 2.4.0 76.28 NOTE
r-devel-linux-x86_64-fedora-gcc 2.4.0 63.43 NOTE
r-devel-windows-x86_64-new-UL 2.4.0 35.00 97.00 132.00 NOTE
r-devel-windows-x86_64-new-TK 2.4.0 NOTE
r-devel-windows-x86_64-old 2.4.0 18.00 53.00 71.00 NOTE
r-patched-linux-x86_64 2.4.0 15.73 46.63 62.36 NOTE
r-release-linux-x86_64 2.4.0 12.21 47.18 59.39 NOTE
r-release-macos-arm64 2.4.0 NOTE
r-release-macos-x86_64 2.4.0 NOTE
r-release-windows-ix86+x86_64 2.4.0 17.00 60.00 77.00 NOTE
r-oldrel-macos-x86_64 2.4.0 OK
r-oldrel-windows-ix86+x86_64 2.4.0 20.00 65.00 85.00 OK

Check Details

Version: 2.4.0
Check: LazyData
Result: NOTE
     'LazyData' is specified without a 'data' directory
Flavors: r-devel-linux-x86_64-debian-clang, r-devel-linux-x86_64-debian-gcc, r-devel-linux-x86_64-fedora-clang, r-devel-linux-x86_64-fedora-gcc, r-devel-windows-x86_64-new-UL, r-devel-windows-x86_64-new-TK, r-devel-windows-x86_64-old, r-patched-linux-x86_64, r-release-linux-x86_64, r-release-macos-arm64, r-release-macos-x86_64, r-release-windows-ix86+x86_64