CRAN Package Check Results for Package tci

Last updated on 2021-06-14 11:53:08 CEST.

Flavor Version Tinstall Tcheck Ttotal Status Flags
r-devel-linux-x86_64-debian-clang 0.1.0 7.33 124.30 131.63 OK
r-devel-linux-x86_64-debian-gcc 0.1.0 5.44 90.28 95.72 OK
r-devel-linux-x86_64-fedora-clang 0.1.0 160.39 NOTE
r-devel-linux-x86_64-fedora-gcc 0.1.0 149.86 NOTE
r-devel-windows-x86_64 0.1.0 12.00 148.00 160.00 OK
r-devel-windows-x86_64-gcc10-UCRT 0.1.0 NOTE
r-patched-linux-x86_64 0.1.0 6.26 116.91 123.17 OK
r-patched-solaris-x86 0.1.0 195.80 NOTE
r-release-linux-x86_64 0.1.0 6.73 113.90 120.63 OK
r-release-macos-arm64 0.1.0 NOTE
r-release-macos-x86_64 0.1.0 NOTE
r-release-windows-ix86+x86_64 0.1.0 17.00 146.00 163.00 OK
r-oldrel-macos-x86_64 0.1.0 NOTE
r-oldrel-windows-ix86+x86_64 0.1.0 33.00 151.00 184.00 OK

Check Details

Version: 0.1.0
Check: dependencies in R code
Result: NOTE
    Namespace in Imports field not imported from: ‘graphics’
     All declared Imports should be used.
Flavors: r-devel-linux-x86_64-fedora-clang, r-devel-linux-x86_64-fedora-gcc, r-devel-windows-x86_64-gcc10-UCRT, r-patched-solaris-x86, r-release-macos-arm64, r-release-macos-x86_64, r-oldrel-macos-x86_64