Last updated on 2022-05-19 15:53:32 CEST.
Flavor | Version | Tinstall | Tcheck | Ttotal | Status | Flags |
---|---|---|---|---|---|---|
r-devel-linux-x86_64-debian-clang | 1.0.0 | 7.24 | 82.88 | 90.12 | OK | |
r-devel-linux-x86_64-debian-gcc | 1.0.0 | 6.22 | 60.76 | 66.98 | OK | |
r-devel-linux-x86_64-fedora-clang | 1.0.0 | 103.47 | NOTE | |||
r-devel-linux-x86_64-fedora-gcc | 1.0.0 | 102.02 | NOTE | |||
r-devel-windows-x86_64 | 1.0.0 | 131.00 | 102.00 | 233.00 | OK | |
r-patched-linux-x86_64 | 1.0.0 | 6.09 | 76.80 | 82.89 | OK | |
r-release-linux-x86_64 | 1.0.0 | 5.43 | 76.43 | 81.86 | OK | |
r-release-macos-arm64 | 1.0.0 | 29.00 | NOTE | |||
r-release-macos-x86_64 | 1.0.0 | 60.00 | NOTE | |||
r-release-windows-x86_64 | 1.0.0 | 166.00 | 101.00 | 267.00 | OK | |
r-oldrel-macos-arm64 | 1.0.0 | 29.00 | NOTE | |||
r-oldrel-macos-x86_64 | 1.0.0 | 42.00 | NOTE | |||
r-oldrel-windows-ix86+x86_64 | 1.0.0 | 16.00 | 94.00 | 110.00 | OK |
Version: 1.0.0
Check: data for non-ASCII characters
Result: NOTE
Note: found 50 marked UTF-8 strings
Flavors: r-devel-linux-x86_64-fedora-clang, r-devel-linux-x86_64-fedora-gcc, r-release-macos-arm64, r-release-macos-x86_64, r-oldrel-macos-arm64, r-oldrel-macos-x86_64