CRAN Package Check Results for Package taxlist

Last updated on 2021-06-24 07:50:30 CEST.

Flavor Version Tinstall Tcheck Ttotal Status Flags
r-devel-linux-x86_64-debian-clang 0.2.1 9.84 90.46 100.30 OK
r-devel-linux-x86_64-debian-gcc 0.2.1 8.69 65.40 74.09 OK
r-devel-linux-x86_64-fedora-clang 0.2.1 124.76 NOTE
r-devel-linux-x86_64-fedora-gcc 0.2.1 115.35 NOTE
r-devel-windows-x86_64 0.2.1 16.00 111.00 127.00 OK
r-devel-windows-x86_64-gcc10-UCRT 0.2.1 ERROR
r-patched-linux-x86_64 0.2.1 16.19 83.08 99.27 OK
r-patched-solaris-x86 0.2.1 168.80 NOTE
r-release-linux-x86_64 0.2.1 10.16 83.60 93.76 OK
r-release-macos-arm64 0.2.1 NOTE
r-release-macos-x86_64 0.2.1 NOTE
r-release-windows-ix86+x86_64 0.2.1 19.00 115.00 134.00 OK
r-oldrel-macos-x86_64 0.2.1 NOTE

Check Details

Version: 0.2.1
Check: data for non-ASCII characters
Result: NOTE
     Note: found 137 marked UTF-8 strings
Flavors: r-devel-linux-x86_64-fedora-clang, r-devel-linux-x86_64-fedora-gcc, r-patched-solaris-x86, r-release-macos-arm64, r-release-macos-x86_64, r-oldrel-macos-x86_64

Version: 0.2.1
Check: package dependencies
Result: ERROR
    Packages required but not available: 'taxa', 'taxize'
    
    See section 'The DESCRIPTION file' in the 'Writing R Extensions'
    manual.
Flavor: r-devel-windows-x86_64-gcc10-UCRT