CRAN Package Check Results for Package taxa

Last updated on 2021-03-01 19:48:15 CET.

Flavor Version Tinstall Tcheck Ttotal Status Flags
r-devel-linux-x86_64-debian-clang 0.3.4 OK
r-devel-linux-x86_64-debian-gcc 0.3.4 17.24 76.05 93.29 OK
r-devel-linux-x86_64-fedora-clang 0.3.4 154.41 NOTE
r-devel-linux-x86_64-fedora-gcc 0.3.4 144.00 NOTE
r-devel-windows-ix86+x86_64 0.3.4 31.00 100.00 131.00 OK
r-patched-linux-x86_64 0.3.4 17.72 107.92 125.64 OK
r-patched-solaris-x86 0.3.4 202.60 NOTE
r-release-linux-x86_64 0.3.4 18.98 107.33 126.31 OK
r-release-macos-x86_64 0.3.4 NOTE
r-release-windows-ix86+x86_64 0.3.4 37.00 141.00 178.00 OK
r-oldrel-macos-x86_64 0.3.4 NOTE
r-oldrel-windows-ix86+x86_64 0.3.4 22.00 116.00 138.00 OK

Check Details

Version: 0.3.4
Check: dependencies in R code
Result: NOTE
    Namespaces in Imports field not imported from:
     ‘knitr’ ‘lazyeval’ ‘rlang’ ‘tidyr’
     All declared Imports should be used.
Flavors: r-devel-linux-x86_64-fedora-clang, r-devel-linux-x86_64-fedora-gcc, r-patched-solaris-x86, r-release-macos-x86_64, r-oldrel-macos-x86_64