CRAN Package Check Results for Package tardis

Last updated on 2023-02-09 03:56:26 CET.

Flavor Version Tinstall Tcheck Ttotal Status Flags
r-devel-linux-x86_64-debian-clang 0.1.4 6.69 52.63 59.32 NOTE
r-devel-linux-x86_64-debian-gcc 0.1.4 5.92 39.57 45.49 NOTE
r-devel-linux-x86_64-fedora-clang 0.1.4 76.44 NOTE
r-devel-linux-x86_64-fedora-gcc 0.1.4 92.13 NOTE
r-devel-windows-x86_64 0.1.4 24.00 88.00 112.00 NOTE
r-patched-linux-x86_64 0.1.4 6.76 51.89 58.65 OK
r-release-linux-x86_64 0.1.4 4.92 53.36 58.28 OK
r-release-macos-arm64 0.1.4 34.00 NOTE
r-release-macos-x86_64 0.1.4 39.00 NOTE
r-release-windows-x86_64 0.1.4 18.00 91.00 109.00 OK
r-oldrel-macos-arm64 0.1.4 29.00 NOTE
r-oldrel-macos-x86_64 0.1.4 39.00 NOTE
r-oldrel-windows-ix86+x86_64 0.1.4 22.00 114.00 136.00 OK

Check Details

Version: 0.1.4
Check: C++ specification
Result: NOTE
     Specified C++11: please update to current default of C++17
Flavor: r-devel-linux-x86_64-debian-clang

Version: 0.1.4
Check: C++ specification
Result: NOTE
     Specified C++11: please drop specification unless essential
Flavors: r-devel-linux-x86_64-debian-gcc, r-devel-linux-x86_64-fedora-clang, r-devel-linux-x86_64-fedora-gcc, r-devel-windows-x86_64

Version: 0.1.4
Check: data for non-ASCII characters
Result: NOTE
     Note: found 301 marked UTF-8 strings
Flavors: r-devel-linux-x86_64-fedora-clang, r-devel-linux-x86_64-fedora-gcc, r-release-macos-arm64, r-release-macos-x86_64, r-oldrel-macos-arm64, r-oldrel-macos-x86_64