CRAN Package Check Results for Package tabulizer

Last updated on 2021-06-14 11:53:08 CEST.

Flavor Version Tinstall Tcheck Ttotal Status Flags
r-devel-linux-x86_64-debian-clang 0.2.2 5.53 159.16 164.69 OK
r-devel-linux-x86_64-debian-gcc 0.2.2 4.26 126.63 130.89 OK
r-devel-linux-x86_64-fedora-clang 0.2.2 197.50 OK
r-devel-linux-x86_64-fedora-gcc 0.2.2 190.21 OK
r-devel-windows-x86_64 0.2.2 8.00 134.00 142.00 OK
r-devel-windows-x86_64-gcc10-UCRT 0.2.2 OK
r-patched-linux-x86_64 0.2.2 5.18 161.25 166.43 OK
r-patched-solaris-x86 0.2.2 159.90 OK
r-release-linux-x86_64 0.2.2 4.92 159.96 164.88 OK
r-release-macos-arm64 0.2.2 ERROR
r-release-macos-x86_64 0.2.2 OK
r-release-windows-ix86+x86_64 0.2.2 11.00 129.00 140.00 OK
r-oldrel-macos-x86_64 0.2.2 OK
r-oldrel-windows-ix86+x86_64 0.2.2 9.00 135.00 144.00 OK

Check Details

Version: 0.2.2
Check: whether package can be installed
Result: ERROR
    Installation failed.
Flavor: r-release-macos-arm64