CRAN Package Check Results for Package tabulate

Last updated on 2022-08-07 23:59:18 CEST.

Flavor Version Tinstall Tcheck Ttotal Status Flags
r-devel-linux-x86_64-debian-clang 0.1.0 79.97 32.93 112.90 OK
r-devel-linux-x86_64-debian-gcc 0.1.0 72.06 25.67 97.73 OK
r-devel-linux-x86_64-fedora-clang 0.1.0 179.98 OK
r-devel-linux-x86_64-fedora-gcc 0.1.0 168.81 OK
r-devel-windows-x86_64 0.1.0 105.00 78.00 183.00 OK
r-patched-linux-x86_64 0.1.0 67.43 32.80 100.23 OK
r-release-linux-x86_64 0.1.0 71.37 33.53 104.90 OK
r-release-macos-arm64 0.1.0 38.00 NOTE
r-release-macos-x86_64 0.1.0 56.00 OK
r-release-windows-x86_64 0.1.0 105.00 80.00 185.00 OK
r-oldrel-macos-arm64 0.1.0 35.00 NOTE
r-oldrel-macos-x86_64 0.1.0 56.00 OK
r-oldrel-windows-ix86+x86_64 0.1.0 242.00 79.00 321.00 OK

Check Details

Version: 0.1.0
Check: installed package size
Result: NOTE
     installed size is 5.2Mb
     sub-directories of 1Mb or more:
     libs 5.0Mb
Flavors: r-release-macos-arm64, r-oldrel-macos-arm64