CRAN Package Check Results for Package tabula

Last updated on 2024-06-14 00:54:01 CEST.

Flavor Version Tinstall Tcheck Ttotal Status Flags
r-devel-linux-x86_64-debian-clang 3.1.0 9.30 74.05 83.35 OK
r-devel-linux-x86_64-debian-gcc 3.1.0 6.44 54.49 60.93 NOTE
r-devel-linux-x86_64-fedora-clang 3.1.0 103.90 OK
r-devel-linux-x86_64-fedora-gcc 3.1.0 108.44 OK
r-devel-windows-x86_64 3.1.0 8.00 82.00 90.00 OK
r-patched-linux-x86_64 3.1.0 11.57 69.18 80.75 OK
r-release-linux-x86_64 3.1.0 8.43 70.03 78.46 OK
r-release-macos-arm64 3.1.0 54.00 OK
r-release-macos-x86_64 3.1.0 63.00 OK
r-release-windows-x86_64 3.1.0 9.00 93.00 102.00 OK
r-oldrel-macos-arm64 3.1.0 41.00 OK
r-oldrel-macos-x86_64 3.1.0 103.00 OK
r-oldrel-windows-x86_64 3.1.0 8.00 93.00 101.00 OK

Check Details

Version: 3.1.0
Check: package dependencies
Result: NOTE Package suggested but not available for checking: ‘tinysnapshot’ Flavor: r-devel-linux-x86_64-debian-gcc