CRAN Package Check Results for Package tablesgg

Last updated on 2024-06-13 12:50:03 CEST.

Flavor Version Tinstall Tcheck Ttotal Status Flags
r-devel-linux-x86_64-debian-clang 0.9-1 11.85 263.41 275.26 OK
r-devel-linux-x86_64-debian-gcc 0.9-1 0.38 1.70 2.08 ERROR
r-devel-linux-x86_64-fedora-clang 0.9-1 350.45 OK
r-devel-linux-x86_64-fedora-gcc 0.9-1 341.19 OK
r-devel-windows-x86_64 0.9-1 13.00 293.00 306.00 OK
r-patched-linux-x86_64 0.9-1 15.68 253.66 269.34 OK
r-release-linux-x86_64 0.9-1 10.64 253.86 264.50 OK
r-release-macos-arm64 0.9-1 89.00 OK
r-release-macos-x86_64 0.9-1 147.00 OK
r-release-windows-x86_64 0.9-1 14.00 294.00 308.00 OK
r-oldrel-macos-arm64 0.9-1 100.00 OK
r-oldrel-macos-x86_64 0.9-1 207.00 OK
r-oldrel-windows-x86_64 0.9-1 15.00 308.00 323.00 OK

Check Details

Version: 0.9-1
Check: package dependencies
Result: ERROR Package required but not available: ‘ggplot2’ Packages suggested but not available for checking: 'ggtext', 'gridtext' See section ‘The DESCRIPTION file’ in the ‘Writing R Extensions’ manual. Flavor: r-devel-linux-x86_64-debian-gcc