CRAN Package Check Results for Package tableHTML

Last updated on 2024-06-13 00:55:34 CEST.

Flavor Version Tinstall Tcheck Ttotal Status Flags
r-devel-linux-x86_64-debian-clang 2.1.2 3.97 67.94 71.91 OK
r-devel-linux-x86_64-debian-gcc 2.1.2 3.92 45.15 49.07 ERROR
r-devel-linux-x86_64-fedora-clang 2.1.2 92.49 NOTE
r-devel-linux-x86_64-fedora-gcc 2.1.2 100.77 OK
r-devel-windows-x86_64 2.1.2 5.00 83.00 88.00 NOTE
r-patched-linux-x86_64 2.1.2 9.02 64.53 73.55 OK
r-release-linux-x86_64 2.1.2 5.21 65.24 70.45 OK
r-release-macos-arm64 2.1.2 41.00 NOTE
r-release-macos-x86_64 2.1.2 58.00 NOTE
r-release-windows-x86_64 2.1.2 6.00 88.00 94.00 NOTE
r-oldrel-macos-arm64 2.1.2 53.00 NOTE
r-oldrel-macos-x86_64 2.1.2 83.00 NOTE
r-oldrel-windows-x86_64 2.1.2 7.00 91.00 98.00 NOTE

Check Details

Version: 2.1.2
Check: package dependencies
Result: NOTE Package suggested but not available for checking: ‘testthat’ Flavor: r-devel-linux-x86_64-debian-gcc

Version: 2.1.2
Check: tests
Result: ERROR Running ‘testthat.R’ [0s/1s] Running the tests in ‘tests/testthat.R’ failed. Complete output: > library(testthat) Error in library(testthat) : there is no package called 'testthat' Execution halted Flavor: r-devel-linux-x86_64-debian-gcc

Version: 2.1.2
Check: installed package size
Result: NOTE installed size is 6.1Mb sub-directories of 1Mb or more: doc 5.9Mb Flavors: r-devel-linux-x86_64-fedora-clang, r-devel-windows-x86_64, r-release-macos-arm64, r-release-macos-x86_64, r-release-windows-x86_64, r-oldrel-macos-arm64, r-oldrel-macos-x86_64, r-oldrel-windows-x86_64