CRAN Package Check Results for Package table1

Last updated on 2021-12-09 07:50:27 CET.

Flavor Version Tinstall Tcheck Ttotal Status Flags
r-devel-linux-x86_64-debian-clang 1.4.2 4.11 50.30 54.41 OK
r-devel-linux-x86_64-debian-gcc 1.4.2 2.72 38.24 40.96 OK
r-devel-linux-x86_64-fedora-clang 1.4.2 67.87 OK
r-devel-linux-x86_64-fedora-gcc 1.4.2 55.21 OK
r-devel-windows-x86_64-new-UL 1.4.2 11.00 100.00 111.00 OK
r-devel-windows-x86_64-new-TK 1.4.2 WARN
r-devel-windows-x86_64-old 1.4.2 6.00 54.00 60.00 OK
r-patched-linux-x86_64 1.4.2 4.21 49.22 53.43 OK
r-release-linux-x86_64 1.4.2 3.88 49.00 52.88 OK
r-release-macos-arm64 1.4.2 OK
r-release-macos-x86_64 1.4.2 WARN
r-release-windows-ix86+x86_64 1.4.2 5.00 68.00 73.00 OK
r-oldrel-macos-x86_64 1.4.2 WARN
r-oldrel-windows-ix86+x86_64 1.4.2 8.00 68.00 76.00 OK

Check Details

Version: 1.4.2
Check: re-building of vignette outputs
Result: WARN
    Error(s) in re-building vignettes:
    --- re-building 'table1-examples.Rmd' using rmarkdown
    
    Attaching package: 'table1'
    
    The following objects are masked from 'package:base':
    
     units, units<-
    
    --- finished re-building 'table1-examples.Rmd'
    
    --- re-building 'table1-latex.Rmd' using rmarkdown
    
    Attaching package: 'flextable'
    
    The following objects are masked from 'package:kableExtra':
    
     as_image, footnote
    
    ! LaTeX Error: File `tabu.sty' not found.
    
    ! Emergency stop.
    <read *>
    
    Error: processing vignette 'table1-latex.Rmd' failed with diagnostics:
    LaTeX failed to compile C:/r_packages/pkgcheck/CRAN/table1/table1.Rcheck/vign_test/table1/vignettes/table1-latex.tex. See https://yihui.org/tinytex/r/#debugging for debugging tips. See table1-latex.log for more info.
    --- failed re-building 'table1-latex.Rmd'
    
    SUMMARY: processing the following file failed:
     'table1-latex.Rmd'
    
    Error: Vignette re-building failed.
    Execution halted
Flavor: r-devel-windows-x86_64-new-TK

Version: 1.4.2
Check: re-building of vignette outputs
Result: WARN
    Error(s) in re-building vignettes:
    --- re-building ‘table1-examples.Rmd’ using rmarkdown
    Warning in engine$weave(file, quiet = quiet, encoding = enc) :
     Pandoc (>= 1.12.3) not available. Falling back to R Markdown v1.
    
    Attaching package: 'table1'
    
    The following objects are masked from 'package:base':
    
     units, units<-
    
    Quitting from lines 515-519 (table1-examples.Rmd)
    Error: processing vignette 'table1-examples.Rmd' failed with diagnostics:
    subscript out of bounds
    --- failed re-building ‘table1-examples.Rmd’
    
    --- re-building ‘table1-latex.Rmd’ using rmarkdown
    Warning in engine$weave(file, quiet = quiet, encoding = enc) :
     Pandoc (>= 1.12.3) not available. Falling back to R Markdown v1.
    
    Attaching package: 'flextable'
    
    The following objects are masked from 'package:kableExtra':
    
     as_image, footnote
    
    
    Attaching package: 'table1'
    
    The following objects are masked from 'package:base':
    
     units, units<-
    
    --- finished re-building ‘table1-latex.Rmd’
    
    SUMMARY: processing the following file failed:
     ‘table1-examples.Rmd’
    
    Error: Vignette re-building failed.
    Execution halted
Flavors: r-release-macos-x86_64, r-oldrel-macos-x86_64