CRAN Package Check Results for Package systemfit

Last updated on 2024-05-30 16:48:22 CEST.

Flavor Version Tinstall Tcheck Ttotal Status Flags
r-devel-linux-x86_64-debian-clang 1.1-30 12.36 202.96 215.32 WARN
r-devel-linux-x86_64-debian-gcc 1.1-30 8.35 150.18 158.53 OK
r-devel-linux-x86_64-fedora-clang 1.1-30 281.91 OK
r-devel-linux-x86_64-fedora-gcc 1.1-30 284.59 OK
r-devel-windows-x86_64 1.1-30 12.00 167.00 179.00 OK
r-patched-linux-x86_64 1.1-30 10.03 188.32 198.35 WARN
r-release-linux-x86_64 1.1-30 9.80 194.40 204.20 OK
r-release-macos-arm64 1.1-30 84.00 OK
r-release-windows-x86_64 1.1-30 12.00 167.00 179.00 OK
r-oldrel-macos-arm64 1.1-30 90.00 OK
r-oldrel-macos-x86_64 1.1-30 145.00 OK
r-oldrel-windows-x86_64 1.1-30 16.00 209.00 225.00 OK

Check Details

Version: 1.1-30
Check: re-building of vignette outputs
Result: WARN Error(s) in re-building vignettes: ... --- re-building ‘systemfit.Rnw’ using knitr Error: processing vignette 'systemfit.Rnw' failed with diagnostics: Running 'texi2dvi' on 'systemfit.tex' failed. LaTeX errors: ! Undefined control sequence. l.1496 \hldef {sigmaInv} \hlkwb{<-} \hlkwd{solve}\hldef{( residCov )} ? ! Emergency stop. ! Emergency stop. l.1496 End of file on the terminal! ! ==> Fatal error occurred, no output PDF file produced! --- failed re-building ‘systemfit.Rnw’ SUMMARY: processing the following file failed: ‘systemfit.Rnw’ Error: Vignette re-building failed. Execution halted Flavors: r-devel-linux-x86_64-debian-clang, r-patched-linux-x86_64