CRAN Package Check Results for Package syntaxr

Last updated on 2024-06-22 19:58:17 CEST.

Flavor Version Tinstall Tcheck Ttotal Status Flags
r-devel-linux-x86_64-debian-clang 0.8.0 2.11 22.80 24.91 NOTE
r-devel-linux-x86_64-debian-gcc 0.8.0 1.59 17.40 18.99 NOTE
r-devel-linux-x86_64-fedora-clang 0.8.0 31.76 NOTE
r-devel-linux-x86_64-fedora-gcc 0.8.0 29.93 NOTE
r-devel-windows-x86_64 0.8.0 2.00 41.00 43.00 NOTE
r-patched-linux-x86_64 0.8.0 1.89 22.03 23.92 NOTE
r-release-linux-x86_64 0.8.0 1.96 21.66 23.62 NOTE
r-release-macos-arm64 0.8.0 14.00 NOTE
r-release-macos-x86_64 0.8.0 22.00 NOTE
r-release-windows-x86_64 0.8.0 2.00 41.00 43.00 NOTE
r-oldrel-macos-arm64 0.8.0 16.00 NOTE
r-oldrel-macos-x86_64 0.8.0 19.00 NOTE
r-oldrel-windows-x86_64 0.8.0 3.00 42.00 45.00 NOTE

Check Details

Version: 0.8.0
Check: LazyData
Result: NOTE 'LazyData' is specified without a 'data' directory Flavors: r-devel-linux-x86_64-debian-clang, r-devel-linux-x86_64-debian-gcc, r-devel-linux-x86_64-fedora-clang, r-devel-linux-x86_64-fedora-gcc, r-devel-windows-x86_64, r-patched-linux-x86_64, r-release-linux-x86_64, r-release-macos-arm64, r-release-macos-x86_64, r-release-windows-x86_64, r-oldrel-macos-arm64, r-oldrel-macos-x86_64, r-oldrel-windows-x86_64