CRAN Package Check Results for Package synchronicity

Last updated on 2021-04-14 19:47:24 CEST.

Flavor Version Tinstall Tcheck Ttotal Status Flags
r-devel-linux-x86_64-debian-clang 1.3.5 29.73 28.08 57.81 OK
r-devel-linux-x86_64-debian-gcc 1.3.5 18.83 22.36 41.19 OK
r-devel-linux-x86_64-fedora-clang 1.3.5 87.91 NOTE
r-devel-linux-x86_64-fedora-gcc 1.3.5 71.37 NOTE
r-devel-windows-ix86+x86_64 1.3.5 84.00 73.00 157.00 OK
r-devel-windows-x86_64-gcc10-UCRT 1.3.5 OK
r-patched-linux-x86_64 1.3.5 22.53 27.05 49.58 OK
r-patched-solaris-x86 1.3.5 84.70 OK
r-release-linux-x86_64 1.3.5 23.49 27.34 50.83 OK
r-release-macos-x86_64 1.3.5 OK
r-release-windows-ix86+x86_64 1.3.5 64.00 75.00 139.00 OK
r-oldrel-macos-x86_64 1.3.5 OK
r-oldrel-windows-ix86+x86_64 1.3.5 75.00 49.00 124.00 OK

Check Details

Version: 1.3.5
Check: top-level files
Result: NOTE
     possible bashism in configure line 12 (echo -n):
     echo -n " checking for Sun Studio compiler..."
     possible bashism in configure line 22 (echo -n):
     echo -n " checking for OS..."
Flavors: r-devel-linux-x86_64-fedora-clang, r-devel-linux-x86_64-fedora-gcc