CRAN Package Check Results for Package sylly

Last updated on 2024-06-23 20:51:07 CEST.

Flavor Version Tinstall Tcheck Ttotal Status Flags
r-devel-linux-x86_64-debian-clang 0.1-6 3.98 42.84 46.82 NOTE
r-devel-linux-x86_64-debian-gcc 0.1-6 3.61 32.48 36.09 NOTE
r-devel-linux-x86_64-fedora-clang 0.1-6 63.10 NOTE
r-devel-linux-x86_64-fedora-gcc 0.1-6 70.94 NOTE
r-devel-windows-x86_64 0.1-6 5.00 56.00 61.00 NOTE
r-patched-linux-x86_64 0.1-6 5.98 40.97 46.95 NOTE
r-release-linux-x86_64 0.1-6 4.77 40.03 44.80 NOTE
r-release-macos-arm64 0.1-6 27.00 NOTE
r-release-macos-x86_64 0.1-6 42.00 NOTE
r-release-windows-x86_64 0.1-6 6.00 56.00 62.00 NOTE
r-oldrel-macos-arm64 0.1-6 31.00 NOTE
r-oldrel-macos-x86_64 0.1-6 44.00 NOTE
r-oldrel-windows-x86_64 0.1-6 5.00 58.00 63.00 NOTE

Check Details

Version: 0.1-6
Check: package dependencies
Result: NOTE Packages suggested but not available for checking: 'sylly.de', 'sylly.es' Flavors: r-devel-linux-x86_64-debian-clang, r-devel-linux-x86_64-debian-gcc, r-devel-linux-x86_64-fedora-clang, r-devel-linux-x86_64-fedora-gcc, r-devel-windows-x86_64, r-patched-linux-x86_64, r-release-linux-x86_64, r-release-macos-arm64, r-release-macos-x86_64, r-release-windows-x86_64, r-oldrel-macos-arm64, r-oldrel-macos-x86_64, r-oldrel-windows-x86_64

Version: 0.1-6
Check: Rd files
Result: NOTE checkRd: (-1) kRp.hyphen-methods.Rd:84: Lost braces in \itemize; meant \describe ? checkRd: (-1) kRp.hyphen-methods.Rd:85: Lost braces in \itemize; meant \describe ? checkRd: (-1) kRp.hyphen-methods.Rd:86: Lost braces in \itemize; meant \describe ? checkRd: (-1) kRp.hyphen-methods.Rd:87: Lost braces in \itemize; meant \describe ? checkRd: (-1) manage.hyph.pat.Rd:53: Lost braces in \itemize; meant \describe ? checkRd: (-1) manage.hyph.pat.Rd:54: Lost braces in \itemize; meant \describe ? checkRd: (-1) manage.hyph.pat.Rd:55: Lost braces in \itemize; meant \describe ? checkRd: (-1) manage.hyph.pat.Rd:56: Lost braces in \itemize; meant \describe ? Flavors: r-devel-linux-x86_64-debian-clang, r-devel-linux-x86_64-debian-gcc, r-devel-linux-x86_64-fedora-clang, r-devel-linux-x86_64-fedora-gcc, r-devel-windows-x86_64, r-patched-linux-x86_64, r-release-linux-x86_64, r-release-macos-arm64, r-release-macos-x86_64, r-release-windows-x86_64