CRAN Package Check Results for Package swirl

Last updated on 2021-06-12 23:49:22 CEST.

Flavor Version Tinstall Tcheck Ttotal Status Flags
r-devel-linux-x86_64-debian-clang 2.4.5 5.68 51.63 57.31 NOTE
r-devel-linux-x86_64-debian-gcc 2.4.5 4.16 40.62 44.78 NOTE
r-devel-linux-x86_64-fedora-clang 2.4.5 79.11 NOTE
r-devel-linux-x86_64-fedora-gcc 2.4.5 70.13 NOTE
r-devel-windows-x86_64 2.4.5 12.00 75.00 87.00 NOTE
r-devel-windows-x86_64-gcc10-UCRT 2.4.5 NOTE
r-patched-linux-x86_64 2.4.5 6.84 50.91 57.75 NOTE
r-patched-solaris-x86 2.4.5 103.50 NOTE
r-release-linux-x86_64 2.4.5 6.20 50.28 56.48 NOTE
r-release-macos-arm64 2.4.5 NOTE
r-release-macos-x86_64 2.4.5 NOTE
r-release-windows-ix86+x86_64 2.4.5 14.00 67.00 81.00 NOTE
r-oldrel-macos-x86_64 2.4.5 OK
r-oldrel-windows-ix86+x86_64 2.4.5 13.00 71.00 84.00 OK

Check Details

Version: 2.4.5
Check: LazyData
Result: NOTE
     'LazyData' is specified without a 'data' directory
Flavors: r-devel-linux-x86_64-debian-clang, r-devel-linux-x86_64-debian-gcc, r-devel-linux-x86_64-fedora-clang, r-devel-linux-x86_64-fedora-gcc, r-devel-windows-x86_64, r-devel-windows-x86_64-gcc10-UCRT, r-patched-linux-x86_64, r-patched-solaris-x86, r-release-linux-x86_64, r-release-macos-arm64, r-release-macos-x86_64, r-release-windows-ix86+x86_64