Last updated on 2022-08-17 23:53:41 CEST.
Flavor | Version | Tinstall | Tcheck | Ttotal | Status | Flags |
---|---|---|---|---|---|---|
r-devel-linux-x86_64-debian-clang | 0.1.4 | 146.13 | 68.01 | 214.14 | OK | |
r-devel-linux-x86_64-debian-gcc | 0.1.4 | OK | ||||
r-devel-linux-x86_64-fedora-clang | 0.1.4 | 293.06 | NOTE | |||
r-devel-linux-x86_64-fedora-gcc | 0.1.4 | 317.39 | OK | |||
r-devel-windows-x86_64 | 0.1.4 | 96.00 | 139.00 | 235.00 | NOTE | |
r-patched-linux-x86_64 | 0.1.4 | 132.41 | 69.68 | 202.09 | OK | |
r-release-linux-x86_64 | 0.1.4 | 128.15 | 70.73 | 198.88 | OK | |
r-release-macos-arm64 | 0.1.4 | 90.00 | NOTE | |||
r-release-macos-x86_64 | 0.1.4 | 104.00 | NOTE | |||
r-release-windows-x86_64 | 0.1.4 | 264.00 | 141.00 | 405.00 | NOTE | |
r-oldrel-macos-arm64 | 0.1.4 | 70.00 | NOTE | |||
r-oldrel-macos-x86_64 | 0.1.4 | 105.00 | NOTE | |||
r-oldrel-windows-ix86+x86_64 | 0.1.4 | 299.00 | 183.00 | 482.00 | NOTE |
Version: 0.1.4
Check: installed package size
Result: NOTE
installed size is 5.6Mb
sub-directories of 1Mb or more:
libs 5.1Mb
Flavors: r-devel-linux-x86_64-fedora-clang, r-devel-windows-x86_64, r-release-macos-arm64, r-release-macos-x86_64, r-release-windows-x86_64, r-oldrel-macos-arm64, r-oldrel-macos-x86_64, r-oldrel-windows-ix86+x86_64