CRAN Package Check Results for Package svars

Last updated on 2021-06-21 11:52:24 CEST.

Flavor Version Tinstall Tcheck Ttotal Status Flags
r-devel-linux-x86_64-debian-clang 1.3.7 153.21 215.13 368.34 OK
r-devel-linux-x86_64-debian-gcc 1.3.7 108.14 155.31 263.45 OK
r-devel-linux-x86_64-fedora-clang 1.3.7 490.60 NOTE
r-devel-linux-x86_64-fedora-gcc 1.3.7 456.13 OK
r-devel-windows-x86_64 1.3.7 182.00 243.00 425.00 OK
r-devel-windows-x86_64-gcc10-UCRT 1.3.7 NOTE
r-patched-linux-x86_64 1.3.7 130.06 201.09 331.15 OK
r-patched-solaris-x86 1.3.7 502.70 OK
r-release-linux-x86_64 1.3.7 121.18 200.41 321.59 OK
r-release-macos-arm64 1.3.7 NOTE
r-release-macos-x86_64 1.3.7 NOTE
r-release-windows-ix86+x86_64 1.3.7 350.00 353.00 703.00 OK
r-oldrel-macos-x86_64 1.3.7 NOTE

Check Details

Version: 1.3.7
Check: installed package size
Result: NOTE
     installed size is 8.8Mb
     sub-directories of 1Mb or more:
     help 1.1Mb
     libs 7.0Mb
Flavors: r-devel-linux-x86_64-fedora-clang, r-release-macos-arm64, r-release-macos-x86_64, r-oldrel-macos-x86_64

Version: 1.3.7
Check: package dependencies
Result: NOTE
    Package suggested but not available for checking: 'tsDyn'
Flavor: r-devel-windows-x86_64-gcc10-UCRT