CRAN Package Check Results for Package survival.svb

Last updated on 2024-07-21 15:53:46 CEST.

Flavor Version Tinstall Tcheck Ttotal Status Flags
r-devel-linux-x86_64-debian-clang 0.0-2 43.59 31.54 75.13 NOTE
r-devel-linux-x86_64-debian-gcc 0.0-2 26.23 24.61 50.84 NOTE
r-devel-linux-x86_64-fedora-clang 0.0-2 136.43 NOTE
r-devel-linux-x86_64-fedora-gcc 0.0-2 126.71 NOTE
r-devel-windows-x86_64 0.0-2 33.00 62.00 95.00 NOTE
r-patched-linux-x86_64 0.0-2 45.20 30.73 75.93 NOTE
r-release-linux-x86_64 0.0-2 48.73 30.50 79.23 NOTE
r-release-macos-arm64 0.0-2 31.00 NOTE
r-release-macos-x86_64 0.0-2 46.00 NOTE
r-release-windows-x86_64 0.0-2 46.00 62.00 108.00 NOTE
r-oldrel-macos-arm64 0.0-2 38.00 NOTE
r-oldrel-macos-x86_64 0.0-2 54.00 NOTE
r-oldrel-windows-x86_64 0.0-2 57.00 72.00 129.00 NOTE

Check Details

Version: 0.0-2
Check: C++ specification
Result: NOTE Specified C++11: please drop specification unless essential Flavors: r-devel-linux-x86_64-debian-clang, r-devel-linux-x86_64-debian-gcc, r-devel-linux-x86_64-fedora-clang, r-devel-linux-x86_64-fedora-gcc, r-devel-windows-x86_64, r-patched-linux-x86_64, r-release-linux-x86_64, r-release-macos-arm64, r-release-macos-x86_64, r-release-windows-x86_64, r-oldrel-macos-arm64, r-oldrel-macos-x86_64, r-oldrel-windows-x86_64