Last updated on 2022-07-03 19:50:09 CEST.
Flavor | Version | Tinstall | Tcheck | Ttotal | Status | Flags |
---|---|---|---|---|---|---|
r-devel-linux-x86_64-debian-clang | 3.3-1 | 66.15 | 618.13 | 684.28 | OK | |
r-devel-linux-x86_64-debian-gcc | 3.3-1 | 56.73 | 454.62 | 511.35 | OK | |
r-devel-linux-x86_64-fedora-clang | 3.3-1 | 838.59 | NOTE | |||
r-devel-linux-x86_64-fedora-gcc | 3.3-1 | 855.01 | OK | |||
r-devel-windows-x86_64 | 3.3-1 | 308.00 | 658.00 | 966.00 | NOTE | |
r-patched-linux-x86_64 | 3.3-1 | 69.38 | 583.18 | 652.56 | OK | |
r-release-linux-x86_64 | 3.3-1 | 56.90 | 585.64 | 642.54 | OK | |
r-release-macos-arm64 | 3.3-1 | 247.00 | NOTE | |||
r-release-macos-x86_64 | 3.3-1 | 381.00 | NOTE | |||
r-release-windows-x86_64 | 3.3-1 | 274.00 | 810.00 | 1084.00 | NOTE | |
r-oldrel-macos-arm64 | 3.3-1 | 283.00 | NOTE | |||
r-oldrel-macos-x86_64 | 3.3-1 | 398.00 | NOTE | |||
r-oldrel-windows-ix86+x86_64 | 3.3-1 | 151.00 | 970.00 | 1121.00 | NOTE |
Version: 3.3-1
Check: installed package size
Result: NOTE
installed size is 8.1Mb
sub-directories of 1Mb or more:
R 1.2Mb
data 1.9Mb
doc 3.5Mb
Flavors: r-devel-linux-x86_64-fedora-clang, r-devel-windows-x86_64, r-release-macos-arm64, r-release-macos-x86_64, r-release-windows-x86_64, r-oldrel-macos-arm64, r-oldrel-macos-x86_64, r-oldrel-windows-ix86+x86_64