Last updated on 2021-03-08 19:51:24 CET.
Flavor | Version | Tinstall | Tcheck | Ttotal | Status | Flags |
---|---|---|---|---|---|---|
r-devel-linux-x86_64-debian-clang | 0.0.1 | 36.48 | 153.67 | 190.15 | OK | |
r-devel-linux-x86_64-debian-gcc | 0.0.1 | 23.02 | 111.08 | 134.10 | OK | |
r-devel-linux-x86_64-fedora-clang | 0.0.1 | 230.03 | NOTE | |||
r-devel-linux-x86_64-fedora-gcc | 0.0.1 | 221.71 | NOTE | |||
r-devel-windows-ix86+x86_64 | 0.0.1 | 80.00 | 321.00 | 401.00 | OK | |
r-devel-windows-x86_64-gcc10-UCRT | 0.0.1 | OK | ||||
r-patched-linux-x86_64 | 0.0.1 | 28.41 | 150.61 | 179.02 | OK | |
r-patched-solaris-x86 | 0.0.1 | 262.90 | OK | |||
r-release-linux-x86_64 | 0.0.1 | 30.54 | 149.74 | 180.28 | OK | |
r-release-macos-x86_64 | 0.0.1 | OK | ||||
r-release-windows-ix86+x86_64 | 0.0.1 | 59.00 | 349.00 | 408.00 | OK | |
r-oldrel-macos-x86_64 | 0.0.1 | OK | ||||
r-oldrel-windows-ix86+x86_64 | 0.0.1 | 55.00 | 225.00 | 280.00 | OK |
Version: 0.0.1
Check: compiled code
Result: NOTE
File ‘surveybootstrap/libs/surveybootstrap.so’:
Found no calls to: ‘R_registerRoutines’, ‘R_useDynamicSymbols’
It is good practice to register native routines and to disable symbol
search.
See ‘Writing portable packages’ in the ‘Writing R Extensions’ manual.
Flavors: r-devel-linux-x86_64-fedora-clang, r-devel-linux-x86_64-fedora-gcc