CRAN Package Check Results for Package survRM2adapt

Last updated on 2022-05-28 23:55:18 CEST.

Flavor Version Tinstall Tcheck Ttotal Status Flags
r-devel-linux-x86_64-debian-clang 1.0-1 7.12 75.53 82.65 NOTE
r-devel-linux-x86_64-debian-gcc 1.0-1 6.36 57.79 64.15 NOTE
r-devel-linux-x86_64-fedora-clang 1.0-1 99.20 NOTE
r-devel-linux-x86_64-fedora-gcc 1.0-1 87.27 NOTE
r-devel-windows-x86_64 1.0-1 19.00 93.00 112.00 NOTE
r-patched-linux-x86_64 1.0-1 8.39 71.17 79.56 NOTE
r-release-linux-x86_64 1.0-1 7.48 71.67 79.15 NOTE
r-release-macos-arm64 1.0-1 29.00 NOTE
r-release-macos-x86_64 1.0-1 41.00 NOTE
r-release-windows-x86_64 1.0-1 24.00 93.00 117.00 NOTE
r-oldrel-macos-arm64 1.0-1 34.00 NOTE
r-oldrel-macos-x86_64 1.0-1 56.00 NOTE
r-oldrel-windows-ix86+x86_64 1.0-1 16.00 84.00 100.00 NOTE

Check Details

Version: 1.0-1
Check: LazyData
Result: NOTE
     'LazyData' is specified without a 'data' directory
Flavors: r-devel-linux-x86_64-debian-clang, r-devel-linux-x86_64-debian-gcc, r-devel-linux-x86_64-fedora-clang, r-devel-linux-x86_64-fedora-gcc, r-devel-windows-x86_64, r-patched-linux-x86_64, r-release-linux-x86_64, r-release-macos-arm64, r-release-macos-x86_64, r-release-windows-x86_64, r-oldrel-macos-arm64, r-oldrel-macos-x86_64, r-oldrel-windows-ix86+x86_64