CRAN Package Check Results for Package survRM2

Last updated on 2021-06-13 03:48:24 CEST.

Flavor Version Tinstall Tcheck Ttotal Status Flags
r-devel-linux-x86_64-debian-clang 1.0-3 8.48 76.74 85.22 NOTE
r-devel-linux-x86_64-debian-gcc 1.0-3 5.84 58.71 64.55 NOTE
r-devel-linux-x86_64-fedora-clang 1.0-3 108.93 NOTE
r-devel-linux-x86_64-fedora-gcc 1.0-3 98.36 NOTE
r-devel-windows-x86_64 1.0-3 12.00 105.00 117.00 NOTE
r-devel-windows-x86_64-gcc10-UCRT 1.0-3 NOTE
r-patched-linux-x86_64 1.0-3 8.30 74.35 82.65 NOTE
r-patched-solaris-x86 1.0-3 148.20 NOTE
r-release-linux-x86_64 1.0-3 6.76 73.40 80.16 NOTE
r-release-macos-arm64 1.0-3 NOTE
r-release-macos-x86_64 1.0-3 NOTE
r-release-windows-ix86+x86_64 1.0-3 15.00 98.00 113.00 NOTE
r-oldrel-macos-x86_64 1.0-3 OK
r-oldrel-windows-ix86+x86_64 1.0-3 12.00 100.00 112.00 OK

Check Details

Version: 1.0-3
Check: LazyData
Result: NOTE
     'LazyData' is specified without a 'data' directory
Flavors: r-devel-linux-x86_64-debian-clang, r-devel-linux-x86_64-debian-gcc, r-devel-linux-x86_64-fedora-clang, r-devel-linux-x86_64-fedora-gcc, r-devel-windows-x86_64, r-devel-windows-x86_64-gcc10-UCRT, r-patched-linux-x86_64, r-patched-solaris-x86, r-release-linux-x86_64, r-release-macos-arm64, r-release-macos-x86_64, r-release-windows-ix86+x86_64