CRAN Package Check Results for Package surv2sampleComp

Last updated on 2021-04-20 23:48:00 CEST.

Flavor Version Tinstall Tcheck Ttotal Status Flags
r-devel-linux-x86_64-debian-clang 1.0-5 10.26 100.82 111.08 NOTE
r-devel-linux-x86_64-debian-gcc 1.0-5 8.11 76.59 84.70 NOTE
r-devel-linux-x86_64-fedora-clang 1.0-5 142.57 NOTE
r-devel-linux-x86_64-fedora-gcc 1.0-5 130.30 NOTE
r-devel-windows-ix86+x86_64 1.0-5 16.00 92.00 108.00 NOTE
r-devel-windows-x86_64-gcc10-UCRT 1.0-5 NOTE
r-patched-linux-x86_64 1.0-5 9.94 93.50 103.44 OK
r-patched-solaris-x86 1.0-5 189.20 OK
r-release-linux-x86_64 1.0-5 9.25 92.26 101.51 OK
r-release-macos-x86_64 1.0-5 OK
r-release-windows-ix86+x86_64 1.0-5 25.00 127.00 152.00 OK
r-oldrel-macos-x86_64 1.0-5 OK
r-oldrel-windows-ix86+x86_64 1.0-5 22.00 110.00 132.00 OK

Check Details

Version: 1.0-5
Check: LazyData
Result: NOTE
     'LazyData' is specified without a 'data' directory
Flavors: r-devel-linux-x86_64-debian-clang, r-devel-linux-x86_64-debian-gcc, r-devel-linux-x86_64-fedora-clang, r-devel-linux-x86_64-fedora-gcc, r-devel-windows-ix86+x86_64, r-devel-windows-x86_64-gcc10-UCRT