CRAN Package Check Results for Package superb

Last updated on 2021-11-27 07:50:04 CET.

Flavor Version Tinstall Tcheck Ttotal Status Flags
r-devel-linux-x86_64-debian-clang 0.9.7.7 OK
r-devel-linux-x86_64-debian-gcc 0.9.7.7 7.35 181.55 188.90 OK
r-devel-linux-x86_64-fedora-clang 0.9.7.7 308.39 NOTE
r-devel-linux-x86_64-fedora-gcc 0.9.7.7 316.89 NOTE
r-devel-windows-x86_64-new-UL 0.9.7.7 31.00 361.00 392.00 NOTE
r-devel-windows-x86_64-new-TK 0.9.7.7 NOTE
r-devel-windows-x86_64-old 0.9.7.7 14.00 341.00 355.00 NOTE
r-patched-linux-x86_64 0.9.7.7 10.10 261.11 271.21 OK
r-patched-solaris-x86 0.9.7.7 274.40 NOTE
r-release-linux-x86_64 0.9.7.7 OK
r-release-macos-arm64 0.9.7.7 NOTE
r-release-macos-x86_64 0.9.7.7 NOTE
r-release-windows-ix86+x86_64 0.9.7.7 23.00 253.00 276.00 NOTE
r-oldrel-macos-x86_64 0.9.7.7 NOTE
r-oldrel-windows-ix86+x86_64 0.9.7.7 27.00 343.00 370.00 NOTE

Check Details

Version: 0.9.7.7
Check: installed package size
Result: NOTE
     installed size is 12.8Mb
     sub-directories of 1Mb or more:
     doc 12.2Mb
Flavors: r-devel-linux-x86_64-fedora-clang, r-devel-windows-x86_64-new-UL, r-devel-windows-x86_64-old, r-patched-solaris-x86, r-release-macos-arm64, r-release-macos-x86_64, r-release-windows-ix86+x86_64, r-oldrel-macos-x86_64, r-oldrel-windows-ix86+x86_64

Version: 0.9.7.7
Check: dependencies in R code
Result: NOTE
    Namespace in Imports field not imported from: ‘psych’
     All declared Imports should be used.
Flavors: r-devel-linux-x86_64-fedora-clang, r-devel-linux-x86_64-fedora-gcc, r-devel-windows-x86_64-new-TK, r-patched-solaris-x86, r-release-macos-arm64, r-release-macos-x86_64, r-oldrel-macos-x86_64