Last updated on 2021-02-26 15:51:07 CET.
Flavor | Version | Tinstall | Tcheck | Ttotal | Status | Flags |
---|---|---|---|---|---|---|
r-devel-linux-x86_64-debian-clang | 0.1.3 | 6.73 | 110.84 | 117.57 | OK | |
r-devel-linux-x86_64-debian-gcc | 0.1.3 | 5.44 | 83.02 | 88.46 | OK | |
r-devel-linux-x86_64-fedora-clang | 0.1.3 | 150.23 | NOTE | |||
r-devel-linux-x86_64-fedora-gcc | 0.1.3 | 141.52 | NOTE | |||
r-devel-windows-ix86+x86_64 | 0.1.3 | 12.00 | 104.00 | 116.00 | OK | |
r-patched-linux-x86_64 | 0.1.3 | 7.03 | 106.47 | 113.50 | OK | |
r-patched-solaris-x86 | 0.1.3 | 188.80 | NOTE | |||
r-release-linux-x86_64 | 0.1.3 | 6.05 | 108.01 | 114.06 | OK | |
r-release-macos-x86_64 | 0.1.3 | NOTE | ||||
r-release-windows-ix86+x86_64 | 0.1.3 | 19.00 | 138.00 | 157.00 | OK | |
r-oldrel-macos-x86_64 | 0.1.3 | NOTE | ||||
r-oldrel-windows-ix86+x86_64 | 0.1.3 | 9.00 | 138.00 | 147.00 | OK |
Version: 0.1.3
Check: dependencies in R code
Result: NOTE
Namespaces in Imports field not imported from:
‘lwgeom’ ‘utf8’
All declared Imports should be used.
Flavors: r-devel-linux-x86_64-fedora-clang, r-devel-linux-x86_64-fedora-gcc, r-patched-solaris-x86, r-release-macos-x86_64, r-oldrel-macos-x86_64