CRAN Package Check Results for Package subsemble

Last updated on 2024-07-14 00:55:36 CEST.

Flavor Version Tinstall Tcheck Ttotal Status Flags
r-devel-linux-x86_64-debian-clang 0.1.0 2.95 26.86 29.81 OK
r-devel-linux-x86_64-debian-gcc 0.1.0 1.92 21.65 23.57 OK
r-devel-linux-x86_64-fedora-clang 0.1.0 38.87 OK
r-devel-linux-x86_64-fedora-gcc 0.1.0 37.06 OK
r-devel-windows-x86_64 0.1.0 4.00 45.00 49.00 OK
r-patched-linux-x86_64 0.1.0 2.65 26.98 29.63 OK
r-release-linux-x86_64 0.1.0 2.71 27.22 29.93 OK
r-release-macos-arm64 0.1.0 16.00 OK
r-release-macos-x86_64 0.1.0 31.00 OK
r-release-windows-x86_64 0.1.0 4.00 45.00 49.00 OK
r-oldrel-macos-arm64 0.1.0 20.00 OK
r-oldrel-macos-x86_64 0.1.0 22.00 NOTE
r-oldrel-windows-x86_64 0.1.0 4.00 45.00 49.00 OK

Check Details

Version: 0.1.0
Check: package dependencies
Result: NOTE Packages suggested but not available for checking: 'arm', 'caret', 'party' Flavor: r-oldrel-macos-x86_64