Last updated on 2021-02-25 11:47:39 CET.
Flavor | Version | Tinstall | Tcheck | Ttotal | Status | Flags |
---|---|---|---|---|---|---|
r-devel-linux-x86_64-debian-clang | 3.0.5 | 4.26 | 45.30 | 49.56 | OK | |
r-devel-linux-x86_64-debian-gcc | 3.0.5 | 3.59 | 35.80 | 39.39 | OK | |
r-devel-linux-x86_64-fedora-clang | 3.0.5 | 74.99 | NOTE | |||
r-devel-linux-x86_64-fedora-gcc | 3.0.5 | 59.06 | NOTE | |||
r-devel-windows-ix86+x86_64 | 3.0.5 | 9.00 | 49.00 | 58.00 | OK | |
r-patched-linux-x86_64 | 3.0.5 | 3.84 | 43.16 | 47.00 | OK | |
r-patched-solaris-x86 | 3.0.5 | 91.80 | NOTE | |||
r-release-linux-x86_64 | 3.0.5 | 4.69 | 43.47 | 48.16 | OK | |
r-release-macos-x86_64 | 3.0.5 | NOTE | ||||
r-release-windows-ix86+x86_64 | 3.0.5 | 13.00 | 70.00 | 83.00 | OK | |
r-oldrel-macos-x86_64 | 3.0.5 | NOTE | ||||
r-oldrel-windows-ix86+x86_64 | 3.0.5 | 6.00 | 53.00 | 59.00 | OK |
Version: 3.0.5
Check: dependencies in R code
Result: NOTE
Namespaces in Imports field not imported from:
‘DT’ ‘bsplus’ ‘colourpicker’ ‘grDevices’ ‘graphics’ ‘jsonlite’
‘purrr’ ‘shinyWidgets’ ‘shinyjs’
All declared Imports should be used.
Flavors: r-devel-linux-x86_64-fedora-clang, r-devel-linux-x86_64-fedora-gcc, r-patched-solaris-x86, r-release-macos-x86_64, r-oldrel-macos-x86_64