CRAN Package Check Results for Package stsm

Last updated on 2021-02-24 19:48:21 CET.

Flavor Version Tinstall Tcheck Ttotal Status Flags
r-devel-linux-x86_64-debian-clang 1.9 11.83 62.16 73.99 OK
r-devel-linux-x86_64-debian-gcc 1.9 9.39 47.03 56.42 OK
r-devel-linux-x86_64-fedora-clang 1.9 108.47 NOTE
r-devel-linux-x86_64-fedora-gcc 1.9 89.88 NOTE
r-devel-windows-ix86+x86_64 1.9 20.00 89.00 109.00 OK
r-patched-linux-x86_64 1.9 11.48 57.47 68.95 OK
r-patched-solaris-x86 1.9 126.10 OK
r-release-linux-x86_64 1.9 12.42 57.05 69.47 OK
r-release-macos-x86_64 1.9 OK
r-release-windows-ix86+x86_64 1.9 35.00 105.00 140.00 OK
r-oldrel-macos-x86_64 1.9 OK
r-oldrel-windows-ix86+x86_64 1.9 17.00 102.00 119.00 OK

Check Details

Version: 1.9
Check: compiled code
Result: NOTE
    File ‘stsm/libs/stsm.so’:
     Found no calls to: ‘R_registerRoutines’, ‘R_useDynamicSymbols’
    
    It is good practice to register native routines and to disable symbol
    search.
    
    See ‘Writing portable packages’ in the ‘Writing R Extensions’ manual.
Flavors: r-devel-linux-x86_64-fedora-clang, r-devel-linux-x86_64-fedora-gcc