CRAN Package Check Results for Package stringr

Last updated on 2022-01-22 15:52:27 CET.

Flavor Version Tinstall Tcheck Ttotal Status Flags
r-devel-linux-x86_64-debian-clang 1.4.0 3.34 43.14 46.48 OK
r-devel-linux-x86_64-debian-gcc 1.4.0 2.44 33.72 36.16 OK
r-devel-linux-x86_64-fedora-clang 1.4.0 58.40 NOTE
r-devel-linux-x86_64-fedora-gcc 1.4.0 47.18 NOTE
r-devel-windows-x86_64-new-UL 1.4.0 52.00 75.00 127.00 OK
r-devel-windows-x86_64-new-TK 1.4.0 NOTE
r-patched-linux-x86_64 1.4.0 4.42 42.01 46.43 OK
r-release-linux-x86_64 1.4.0 2.51 41.99 44.50 OK
r-release-macos-arm64 1.4.0 NOTE
r-release-macos-x86_64 1.4.0 ERROR
r-release-windows-ix86+x86_64 1.4.0 8.00 55.00 63.00 OK
r-oldrel-macos-x86_64 1.4.0 NOTE
r-oldrel-windows-ix86+x86_64 1.4.0 7.00 57.00 64.00 OK

Check Details

Version: 1.4.0
Check: data for non-ASCII characters
Result: NOTE
     Note: found 3 marked UTF-8 strings
Flavors: r-devel-linux-x86_64-fedora-clang, r-devel-linux-x86_64-fedora-gcc, r-devel-windows-x86_64-new-TK, r-release-macos-arm64, r-release-macos-x86_64, r-oldrel-macos-x86_64

Version: 1.4.0
Check: tests
Result: ERROR
     Running ‘testthat.R’ [1s/2s]
    Running the tests in ‘tests/testthat.R’ failed.
    Last 13 lines of output:
     12. │ └─base::asNamespace(ns)
     13. └─base::loadNamespace(j <- i[[1L]], c(lib.loc, .libPaths()), versionCheck = vI[[j]])
     14. ├─base::namespaceImportFrom(...)
     15. │ └─base::asNamespace(ns)
     16. └─base::loadNamespace(j <- i[[1L]], c(lib.loc, .libPaths()), versionCheck = vI[[j]])
     17. ├─base::namespaceImportFrom(...)
     18. │ └─base::asNamespace(ns)
     19. └─base::loadNamespace(j <- i[[1L]], c(lib.loc, .libPaths()), versionCheck = vI[[j]])
     20. └─base::withRestarts(stop(cond), retry_loadNamespace = function() NULL)
     21. └─base:::withOneRestart(expr, restarts[[1L]])
     22. └─base:::doWithOneRestart(return(expr), restart)
    
     [ FAIL 4 | WARN 0 | SKIP 0 | PASS 216 ]
     Error: Test failures
     Execution halted
Flavor: r-release-macos-x86_64