CRAN Package Check Results for Package stringr

Last updated on 2021-05-12 23:49:31 CEST.

Flavor Version Tinstall Tcheck Ttotal Status Flags
r-devel-linux-x86_64-debian-clang 1.4.0 3.01 36.73 39.74 OK
r-devel-linux-x86_64-debian-gcc 1.4.0 2.21 28.82 31.03 OK
r-devel-linux-x86_64-fedora-clang 1.4.0 57.32 NOTE
r-devel-linux-x86_64-fedora-gcc 1.4.0 47.26 NOTE
r-devel-windows-ix86+x86_64 1.4.0 1.00 6.00 7.00 ERROR
r-devel-windows-x86_64-gcc10-UCRT 1.4.0 NOTE
r-patched-linux-x86_64 1.4.0 4.98 35.46 40.44 OK
r-patched-solaris-x86 1.4.0 71.50 NOTE
r-release-linux-x86_64 1.4.0 2.76 35.02 37.78 OK
r-release-macos-x86_64 1.4.0 NOTE
r-release-windows-ix86+x86_64 1.4.0 6.00 57.00 63.00 OK
r-oldrel-macos-x86_64 1.4.0 NOTE
r-oldrel-windows-ix86+x86_64 1.4.0 5.00 51.00 56.00 OK

Check Details

Version: 1.4.0
Check: data for non-ASCII characters
Result: NOTE
     Note: found 3 marked UTF-8 strings
Flavors: r-devel-linux-x86_64-fedora-clang, r-devel-linux-x86_64-fedora-gcc, r-devel-windows-x86_64-gcc10-UCRT, r-patched-solaris-x86, r-release-macos-x86_64, r-oldrel-macos-x86_64

Version: 1.4.0
Check: whether package can be installed
Result: ERROR
    Installation failed.
Flavor: r-devel-windows-ix86+x86_64