CRAN Package Check Results for Package stringformattr

Last updated on 2021-06-12 23:49:22 CEST.

Flavor Version Tinstall Tcheck Ttotal Status Flags
r-devel-linux-x86_64-debian-clang 0.1.2 1.85 21.44 23.29 NOTE
r-devel-linux-x86_64-debian-gcc 0.1.2 1.44 17.07 18.51 NOTE
r-devel-linux-x86_64-fedora-clang 0.1.2 37.54 NOTE
r-devel-linux-x86_64-fedora-gcc 0.1.2 26.51 NOTE
r-devel-windows-x86_64 0.1.2 7.00 40.00 47.00 NOTE
r-devel-windows-x86_64-gcc10-UCRT 0.1.2 NOTE
r-patched-linux-x86_64 0.1.2 1.70 21.23 22.93 NOTE
r-patched-solaris-x86 0.1.2 45.70 NOTE
r-release-linux-x86_64 0.1.2 1.50 20.43 21.93 NOTE
r-release-macos-arm64 0.1.2 NOTE
r-release-macos-x86_64 0.1.2 NOTE
r-release-windows-ix86+x86_64 0.1.2 3.00 36.00 39.00 NOTE
r-oldrel-macos-x86_64 0.1.2 OK
r-oldrel-windows-ix86+x86_64 0.1.2 5.00 40.00 45.00 OK

Check Details

Version: 0.1.2
Check: LazyData
Result: NOTE
     'LazyData' is specified without a 'data' directory
Flavors: r-devel-linux-x86_64-debian-clang, r-devel-linux-x86_64-debian-gcc, r-devel-linux-x86_64-fedora-clang, r-devel-linux-x86_64-fedora-gcc, r-devel-windows-x86_64, r-devel-windows-x86_64-gcc10-UCRT, r-patched-linux-x86_64, r-patched-solaris-x86, r-release-linux-x86_64, r-release-macos-arm64, r-release-macos-x86_64, r-release-windows-ix86+x86_64