CRAN Package Check Results for Package stopwords

Last updated on 2021-06-21 11:52:23 CEST.

Flavor Version Tinstall Tcheck Ttotal Status Flags
r-devel-linux-x86_64-debian-clang 2.2 2.38 25.64 28.02 OK
r-devel-linux-x86_64-debian-gcc 2.2 1.82 20.32 22.14 OK
r-devel-linux-x86_64-fedora-clang 2.2 43.47 NOTE
r-devel-linux-x86_64-fedora-gcc 2.2 32.87 NOTE
r-devel-windows-x86_64 2.2 4.00 46.00 50.00 OK
r-devel-windows-x86_64-gcc10-UCRT 2.2 ERROR
r-patched-linux-x86_64 2.2 2.56 24.86 27.42 OK
r-patched-solaris-x86 2.2 53.70 NOTE
r-release-linux-x86_64 2.2 2.09 25.08 27.17 OK
r-release-macos-arm64 2.2 NOTE
r-release-macos-x86_64 2.2 NOTE
r-release-windows-ix86+x86_64 2.2 6.00 33.00 39.00 OK
r-oldrel-macos-x86_64 2.2 NOTE

Check Details

Version: 2.2
Check: data for non-ASCII characters
Result: NOTE
     Note: found 22474 marked UTF-8 strings
Flavors: r-devel-linux-x86_64-fedora-clang, r-devel-linux-x86_64-fedora-gcc, r-devel-windows-x86_64-gcc10-UCRT, r-patched-solaris-x86, r-release-macos-arm64, r-release-macos-x86_64, r-oldrel-macos-x86_64

Version: 2.2
Check: package dependencies
Result: NOTE
    Packages suggested but not available for checking: 'covr', 'lintr'
Flavor: r-devel-windows-x86_64-gcc10-UCRT

Version: 2.2
Check: tests
Result: ERROR
     Running 'lint.R'
    Running the tests in 'tests/lint.R' failed.
    Complete output:
     > library("lintr")
     Error in library("lintr") : there is no package called 'lintr'
     Execution halted
Flavor: r-devel-windows-x86_64-gcc10-UCRT